CRAN Package Check Results for Package factset.protobuf.stach

Last updated on 2020-09-19 11:50:54 CEST.

Flavor Version Tinstall Tcheck Ttotal Status Flags
r-devel-linux-x86_64-debian-clang 1.0.2 5.40 37.43 42.83 OK
r-devel-linux-x86_64-debian-gcc 1.0.2 3.82 28.12 31.94 OK
r-devel-linux-x86_64-fedora-clang 1.0.2 58.66 NOTE
r-devel-linux-x86_64-fedora-gcc 1.0.2 51.76 NOTE
r-devel-windows-ix86+x86_64 1.0.2 11.00 45.00 56.00 OK
r-patched-linux-x86_64 1.0.2 4.94 35.76 40.70 OK
r-release-linux-x86_64 1.0.2 4.89 35.34 40.23 OK
r-release-macos-x86_64 1.0.2 NOTE
r-release-windows-ix86+x86_64 1.0.2 12.00 39.00 51.00 OK
r-oldrel-macos-x86_64 1.0.2 NOTE
r-oldrel-windows-ix86+x86_64 1.0.2 6.00 55.00 61.00 OK

Check Details

Version: 1.0.2
Check: dependencies in R code
Result: NOTE
    Namespace in Imports field not imported from: ‘R6’
     All declared Imports should be used.
Flavors: r-devel-linux-x86_64-fedora-clang, r-devel-linux-x86_64-fedora-gcc, r-release-macos-x86_64, r-oldrel-macos-x86_64