Last updated on 2023-12-02 18:53:40 CET.
Flavor | Version | Tinstall | Tcheck | Ttotal | Status | Flags |
---|---|---|---|---|---|---|
r-devel-linux-x86_64-debian-clang | 0.9-1 | 66.16 | 86.42 | 152.58 | OK | |
r-devel-linux-x86_64-debian-gcc | 0.9-1 | 53.81 | 68.56 | 122.37 | OK | |
r-devel-linux-x86_64-fedora-clang | 0.9-1 | 216.52 | OK | |||
r-devel-linux-x86_64-fedora-gcc | 0.9-1 | 234.78 | OK | |||
r-devel-windows-x86_64 | 0.9-1 | 55.00 | 108.00 | 163.00 | OK | |
r-patched-linux-x86_64 | 0.9-1 | 59.13 | 86.38 | 145.51 | OK | |
r-release-linux-x86_64 | 0.9-1 | 69.75 | 88.04 | 157.79 | OK | |
r-release-macos-arm64 | 0.9-1 | 68.00 | NOTE | |||
r-release-macos-x86_64 | 0.9-1 | 192.00 | NOTE | |||
r-release-windows-x86_64 | 0.9-1 | 69.00 | 128.00 | 197.00 | OK | |
r-oldrel-macos-arm64 | 0.9-1 | 61.00 | NOTE | |||
r-oldrel-macos-x86_64 | 0.9-1 | 90.00 | NOTE | |||
r-oldrel-windows-x86_64 | 0.9-1 | 65.00 | 119.00 | 184.00 | OK |
Version: 0.9-1
Check: installed package size
Result: NOTE
installed size is 10.8Mb
sub-directories of 1Mb or more:
libs 10.4Mb
Flavors: r-release-macos-arm64, r-release-macos-x86_64, r-oldrel-macos-arm64, r-oldrel-macos-x86_64