CRAN Package Check Results for Package fairadapt

Last updated on 2021-10-21 23:50:10 CEST.

Flavor Version Tinstall Tcheck Ttotal Status Flags
r-devel-linux-x86_64-debian-clang 0.2.0 9.53 122.00 131.53 OK
r-devel-linux-x86_64-debian-gcc 0.2.1 7.38 418.46 425.84 OK
r-devel-linux-x86_64-fedora-clang 0.2.1 661.49 OK
r-devel-linux-x86_64-fedora-gcc 0.2.1 659.59 OK
r-devel-windows-x86_64 0.2.0 15.00 132.00 147.00 OK
r-devel-windows-x86_64-gcc10-UCRT 0.2.0 ERROR
r-patched-linux-x86_64 0.2.0 9.40 115.82 125.22 OK
r-patched-solaris-x86 0.2.1 1179.30 OK
r-release-linux-x86_64 0.2.1 6.49 499.84 506.33 OK
r-release-macos-arm64 0.2.0 OK
r-release-macos-x86_64 0.2.1 OK
r-release-windows-ix86+x86_64 0.2.0 14.00 122.00 136.00 OK
r-oldrel-macos-x86_64 0.2.1 OK
r-oldrel-windows-ix86+x86_64 0.2.0 21.00 128.00 149.00 OK

Check Details

Version: 0.2.0
Check: package dependencies
Result: ERROR
    Package required but not available: 'igraph'
    
    See section 'The DESCRIPTION file' in the 'Writing R Extensions'
    manual.
Flavor: r-devel-windows-x86_64-gcc10-UCRT