CRAN Package Check Results for Package fairml

Last updated on 2021-04-21 20:49:39 CEST.

Flavor Version Tinstall Tcheck Ttotal Status Flags
r-devel-linux-x86_64-debian-clang 0.4 12.21 123.98 136.19 OK
r-devel-linux-x86_64-debian-gcc 0.4 9.72 95.64 105.36 OK
r-devel-linux-x86_64-fedora-clang 0.4 168.94 OK
r-devel-linux-x86_64-fedora-gcc 0.4 160.18 OK
r-devel-windows-ix86+x86_64 0.4 30.00 162.00 192.00 OK
r-devel-windows-x86_64-gcc10-UCRT 0.4 ERROR
r-patched-linux-x86_64 0.4 12.90 119.33 132.23 OK
r-patched-solaris-x86 0.4 229.50 OK
r-release-linux-x86_64 0.4 12.27 117.44 129.71 OK
r-release-macos-x86_64 0.4 OK
r-release-windows-ix86+x86_64 0.4 30.00 148.00 178.00 OK
r-oldrel-macos-x86_64 0.4 WARN
r-oldrel-windows-ix86+x86_64 0.4 21.00 110.00 131.00 OK

Check Details

Version: 0.4
Check: package dependencies
Result: ERROR
    Package required but not available: 'optiSolve'
    
    See section 'The DESCRIPTION file' in the 'Writing R Extensions'
    manual.
Flavor: r-devel-windows-x86_64-gcc10-UCRT

Version: 0.4
Check: whether package can be installed
Result: WARN
    Found the following significant warnings:
     Warning: 'rgl.init' failed, running with 'rgl.useNULL = TRUE'.
Flavor: r-oldrel-macos-x86_64