CRAN Package Check Results for Package faisalconjoint

Last updated on 2021-10-22 23:51:48 CEST.

Flavor Version Tinstall Tcheck Ttotal Status Flags
r-devel-linux-x86_64-debian-clang 1.15 1.72 21.29 23.01 NOTE
r-devel-linux-x86_64-debian-gcc 1.15 1.45 17.11 18.56 NOTE
r-devel-linux-x86_64-fedora-clang 1.15 39.50 NOTE
r-devel-linux-x86_64-fedora-gcc 1.15 28.75 NOTE
r-devel-windows-x86_64 1.15 3.00 36.00 39.00 NOTE
r-devel-windows-x86_64-gcc10-UCRT 1.15 NOTE
r-patched-linux-x86_64 1.15 1.83 20.78 22.61 NOTE
r-patched-solaris-x86 1.15 44.90 NOTE
r-release-linux-x86_64 1.15 1.73 20.71 22.44 NOTE
r-release-macos-arm64 1.15 NOTE
r-release-macos-x86_64 1.15 NOTE
r-release-windows-ix86+x86_64 1.15 4.00 26.00 30.00 NOTE
r-oldrel-macos-x86_64 1.15 NOTE
r-oldrel-windows-ix86+x86_64 1.15 4.00 25.00 29.00 NOTE

Check Details

Version: 1.15
Check: R code for possible problems
Result: NOTE
    faisalconjoint: no visible global function definition for 'barplot'
    faisalconjoint: no visible global function definition for 'text'
    faisalconjoint: no visible global function definition for 'jpeg'
    faisalconjoint: no visible global function definition for 'dev.off'
    Undefined global functions or variables:
     barplot dev.off jpeg text
    Consider adding
     importFrom("grDevices", "dev.off", "jpeg")
     importFrom("graphics", "barplot", "text")
    to your NAMESPACE file.
Flavors: r-devel-linux-x86_64-debian-clang, r-devel-linux-x86_64-debian-gcc, r-devel-linux-x86_64-fedora-clang, r-devel-linux-x86_64-fedora-gcc, r-devel-windows-x86_64, r-devel-windows-x86_64-gcc10-UCRT, r-patched-linux-x86_64, r-patched-solaris-x86, r-release-linux-x86_64, r-release-macos-arm64, r-release-macos-x86_64, r-release-windows-ix86+x86_64, r-oldrel-macos-x86_64, r-oldrel-windows-ix86+x86_64

Version: 1.15
Check: for non-standard things in the check directory
Result: NOTE
    Found the following files/directories:
     'FCMgraph.jpg'
Flavors: r-devel-linux-x86_64-debian-clang, r-devel-linux-x86_64-debian-gcc, r-devel-linux-x86_64-fedora-clang, r-devel-linux-x86_64-fedora-gcc, r-patched-linux-x86_64, r-patched-solaris-x86, r-release-linux-x86_64