CRAN Package Check Results for Package faisalconjoint

Last updated on 2020-09-24 22:50:28 CEST.

Flavor Version Tinstall Tcheck Ttotal Status Flags
r-devel-linux-x86_64-debian-clang 1.15 1.71 20.67 22.38 NOTE
r-devel-linux-x86_64-debian-gcc 1.15 1.51 16.55 18.06 NOTE
r-devel-linux-x86_64-fedora-clang 1.15 36.12 NOTE
r-devel-linux-x86_64-fedora-gcc 1.15 27.16 NOTE
r-devel-windows-ix86+x86_64 1.15 4.00 28.00 32.00 NOTE
r-patched-linux-x86_64 1.15 1.71 19.96 21.67 NOTE
r-patched-solaris-x86 1.15 41.90 NOTE
r-release-linux-x86_64 1.15 1.73 19.99 21.72 NOTE
r-release-macos-x86_64 1.15 NOTE
r-release-windows-ix86+x86_64 1.15 5.00 30.00 35.00 NOTE
r-oldrel-macos-x86_64 1.15 NOTE
r-oldrel-windows-ix86+x86_64 1.15 4.00 48.00 52.00 NOTE

Check Details

Version: 1.15
Check: R code for possible problems
Result: NOTE
    faisalconjoint: no visible global function definition for 'barplot'
    faisalconjoint: no visible global function definition for 'text'
    faisalconjoint: no visible global function definition for 'jpeg'
    faisalconjoint: no visible global function definition for 'dev.off'
    Undefined global functions or variables:
     barplot dev.off jpeg text
    Consider adding
     importFrom("grDevices", "dev.off", "jpeg")
     importFrom("graphics", "barplot", "text")
    to your NAMESPACE file.
Flavors: r-devel-linux-x86_64-debian-clang, r-devel-linux-x86_64-debian-gcc, r-devel-linux-x86_64-fedora-clang, r-devel-linux-x86_64-fedora-gcc, r-devel-windows-ix86+x86_64, r-patched-linux-x86_64, r-patched-solaris-x86, r-release-linux-x86_64, r-release-macos-x86_64, r-release-windows-ix86+x86_64, r-oldrel-macos-x86_64, r-oldrel-windows-ix86+x86_64

Version: 1.15
Check: for non-standard things in the check directory
Result: NOTE
    Found the following files/directories:
     'FCMgraph.jpg'
Flavors: r-devel-linux-x86_64-debian-clang, r-devel-linux-x86_64-debian-gcc, r-devel-linux-x86_64-fedora-clang, r-devel-linux-x86_64-fedora-gcc, r-patched-linux-x86_64, r-patched-solaris-x86, r-release-linux-x86_64