Last updated on 2023-09-24 06:53:37 CEST.
Flavor | Version | Tinstall | Tcheck | Ttotal | Status | Flags |
---|---|---|---|---|---|---|
r-devel-linux-x86_64-debian-clang | 1.0.0 | 7.31 | 114.05 | 121.36 | OK | |
r-devel-linux-x86_64-debian-gcc | 1.0.0 | 6.42 | 82.10 | 88.52 | OK | |
r-devel-linux-x86_64-fedora-clang | 1.0.0 | 166.02 | NOTE | |||
r-devel-linux-x86_64-fedora-gcc | 1.0.0 | 177.72 | NOTE | |||
r-devel-windows-x86_64 | 1.0.0 | 8.00 | 123.00 | 131.00 | OK | |
r-patched-linux-x86_64 | 1.0.0 | 4.82 | 121.89 | 126.71 | OK | |
r-release-linux-x86_64 | 1.0.0 | 5.26 | 120.41 | 125.67 | OK | |
r-release-macos-arm64 | 1.0.0 | 53.00 | OK | |||
r-release-macos-x86_64 | 1.0.0 | 134.00 | OK | |||
r-release-windows-x86_64 | 1.0.0 | 11.00 | 113.00 | 124.00 | OK | |
r-oldrel-macos-arm64 | 1.0.0 | 46.00 | OK | |||
r-oldrel-macos-x86_64 | 1.0.0 | 96.00 | OK | |||
r-oldrel-windows-x86_64 | 1.0.0 | 11.00 | 120.00 | 131.00 | OK |
Version: 1.0.0
Check: data for non-ASCII characters
Result: NOTE
Note: found 55 marked UTF-8 strings
Flavors: r-devel-linux-x86_64-fedora-clang, r-devel-linux-x86_64-fedora-gcc