CRAN Package Check Results for Package falcon

Last updated on 2020-09-24 23:47:50 CEST.

Flavor Version Tinstall Tcheck Ttotal Status Flags
r-devel-linux-x86_64-debian-clang 0.2 4.05 24.55 28.60 OK
r-devel-linux-x86_64-debian-gcc 0.2 2.86 19.73 22.59 OK
r-devel-linux-x86_64-fedora-clang 0.2 43.56 NOTE
r-devel-linux-x86_64-fedora-gcc 0.2 34.02 NOTE
r-devel-windows-ix86+x86_64 0.2 8.00 39.00 47.00 OK
r-patched-linux-x86_64 0.2 3.70 23.60 27.30 OK
r-patched-solaris-x86 0.2 48.60 OK
r-release-linux-x86_64 0.2 3.19 23.74 26.93 OK
r-release-macos-x86_64 0.2 OK
r-release-windows-ix86+x86_64 0.2 9.00 41.00 50.00 OK
r-oldrel-macos-x86_64 0.2 OK
r-oldrel-windows-ix86+x86_64 0.2 8.00 72.00 80.00 OK

Check Details

Version: 0.2
Check: compiled code
Result: NOTE
    File ‘falcon/libs/falcon.so’:
     Found no calls to: ‘R_registerRoutines’, ‘R_useDynamicSymbols’
    
    It is good practice to register native routines and to disable symbol
    search.
    
    See ‘Writing portable packages’ in the ‘Writing R Extensions’ manual.
Flavors: r-devel-linux-x86_64-fedora-clang, r-devel-linux-x86_64-fedora-gcc