CRAN Package Check Results for Package falcon

Last updated on 2021-04-16 12:55:06 CEST.

Flavor Version Tinstall Tcheck Ttotal Status Flags
r-devel-linux-x86_64-debian-clang 0.2 3.91 26.64 30.55 OK
r-devel-linux-x86_64-debian-gcc 0.2 2.74 21.06 23.80 OK
r-devel-linux-x86_64-fedora-clang 0.2 46.60 NOTE
r-devel-linux-x86_64-fedora-gcc 0.2 36.04 NOTE
r-devel-windows-ix86+x86_64 0.2 9.00 46.00 55.00 OK
r-devel-windows-x86_64-gcc10-UCRT 0.2 OK
r-patched-linux-x86_64 0.2 3.49 25.58 29.07 OK
r-patched-solaris-x86 0.2 53.60 OK
r-release-linux-x86_64 0.2 3.57 25.41 28.98 OK
r-release-macos-x86_64 0.2 OK
r-release-windows-ix86+x86_64 0.2 8.00 37.00 45.00 OK
r-oldrel-macos-x86_64 0.2 OK
r-oldrel-windows-ix86+x86_64 0.2 8.00 72.00 80.00 OK

Check Details

Version: 0.2
Check: compiled code
Result: NOTE
    File ‘falcon/libs/falcon.so’:
     Found no calls to: ‘R_registerRoutines’, ‘R_useDynamicSymbols’
    
    It is good practice to register native routines and to disable symbol
    search.
    
    See ‘Writing portable packages’ in the ‘Writing R Extensions’ manual.
Flavors: r-devel-linux-x86_64-fedora-clang, r-devel-linux-x86_64-fedora-gcc