CRAN Package Check Results for Package falcon

Last updated on 2021-10-23 00:48:53 CEST.

Flavor Version Tinstall Tcheck Ttotal Status Flags
r-devel-linux-x86_64-debian-clang 0.2 3.79 25.47 29.26 OK
r-devel-linux-x86_64-debian-gcc 0.2 2.68 19.74 22.42 OK
r-devel-linux-x86_64-fedora-clang 0.2 46.89 NOTE
r-devel-linux-x86_64-fedora-gcc 0.2 35.45 NOTE
r-devel-windows-x86_64 0.2 6.00 39.00 45.00 OK
r-devel-windows-x86_64-gcc10-UCRT 0.2 OK
r-patched-linux-x86_64 0.2 3.16 24.57 27.73 OK
r-patched-solaris-x86 0.2 52.20 OK
r-release-linux-x86_64 0.2 2.97 24.40 27.37 OK
r-release-macos-arm64 0.2 OK
r-release-macos-x86_64 0.2 OK
r-release-windows-ix86+x86_64 0.2 9.00 33.00 42.00 OK
r-oldrel-macos-x86_64 0.2 OK
r-oldrel-windows-ix86+x86_64 0.2 8.00 37.00 45.00 OK

Check Details

Version: 0.2
Check: compiled code
Result: NOTE
    File ‘falcon/libs/falcon.so’:
     Found no calls to: ‘R_registerRoutines’, ‘R_useDynamicSymbols’
    
    It is good practice to register native routines and to disable symbol
    search.
    
    See ‘Writing portable packages’ in the ‘Writing R Extensions’ manual.
Flavors: r-devel-linux-x86_64-fedora-clang, r-devel-linux-x86_64-fedora-gcc