CRAN Package Check Results for Package falcon

Last updated on 2024-04-25 00:02:08 CEST.

Flavor Version Tinstall Tcheck Ttotal Status Flags
r-devel-linux-x86_64-debian-clang 0.2 4.07 28.08 32.15 OK
r-devel-linux-x86_64-debian-gcc 0.2 2.78 21.31 24.09 OK
r-devel-linux-x86_64-fedora-clang 0.2 40.40 NOTE
r-devel-linux-x86_64-fedora-gcc 0.2 38.02 NOTE
r-devel-windows-x86_64 0.2 5.00 39.00 44.00 OK
r-patched-linux-x86_64 0.2 3.78 26.25 30.03 OK
r-release-linux-x86_64 0.2 3.08 27.37 30.45 OK
r-release-macos-arm64 0.2 18.00 OK
r-release-windows-x86_64 0.2 5.00 40.00 45.00 OK
r-oldrel-macos-arm64 0.2 18.00 OK
r-oldrel-macos-x86_64 0.2 23.00 OK
r-oldrel-windows-x86_64 0.2 5.00 42.00 47.00 OK

Check Details

Version: 0.2
Check: compiled code
Result: NOTE File ‘falcon/libs/falcon.so’: Found no calls to: ‘R_registerRoutines’, ‘R_useDynamicSymbols’ It is good practice to register native routines and to disable symbol search. See ‘Writing portable packages’ in the ‘Writing R Extensions’ manual. Flavors: r-devel-linux-x86_64-fedora-clang, r-devel-linux-x86_64-fedora-gcc