CRAN Package Check Results for Package familiar

Last updated on 2022-10-07 07:50:15 CEST.

Flavor Version Tinstall Tcheck Ttotal Status Flags
r-devel-linux-x86_64-debian-clang 1.2.0 81.53 604.31 685.84 OK
r-devel-linux-x86_64-debian-gcc 1.2.0 63.99 396.23 460.22 OK
r-devel-linux-x86_64-fedora-clang 1.2.0 796.86 NOTE
r-devel-linux-x86_64-fedora-gcc 1.2.0 768.30 OK
r-devel-windows-x86_64 1.2.0 510.00 460.00 970.00 NOTE
r-patched-linux-x86_64 1.2.0 73.67 483.04 556.71 OK
r-release-linux-x86_64 1.2.0 70.47 489.19 559.66 OK
r-release-macos-arm64 1.2.0 143.00 NOTE
r-release-macos-x86_64 1.2.0 200.00 NOTE
r-release-windows-x86_64 1.2.0 579.00 412.00 991.00 NOTE
r-oldrel-macos-arm64 1.2.0 133.00 NOTE
r-oldrel-macos-x86_64 1.2.0 192.00 NOTE
r-oldrel-windows-ix86+x86_64 1.2.0 115.00 414.00 529.00 NOTE

Check Details

Version: 1.2.0
Check: installed package size
Result: NOTE
     installed size is 5.7Mb
     sub-directories of 1Mb or more:
     R 3.4Mb
     doc 1.0Mb
     help 1.1Mb
Flavors: r-devel-linux-x86_64-fedora-clang, r-devel-windows-x86_64, r-release-macos-arm64, r-release-macos-x86_64, r-release-windows-x86_64, r-oldrel-macos-arm64, r-oldrel-macos-x86_64, r-oldrel-windows-ix86+x86_64