Last updated on 2022-08-10 15:51:23 CEST.
Flavor | Version | Tinstall | Tcheck | Ttotal | Status | Flags |
---|---|---|---|---|---|---|
r-devel-linux-x86_64-debian-clang | 2.3.5 | 12.86 | 75.25 | 88.11 | OK | |
r-devel-linux-x86_64-debian-gcc | 2.3.5 | 11.38 | 57.56 | 68.94 | OK | |
r-devel-linux-x86_64-fedora-clang | 2.3.5 | 123.41 | NOTE | |||
r-devel-linux-x86_64-fedora-gcc | 2.3.5 | 116.62 | NOTE | |||
r-devel-windows-x86_64 | 2.3.5 | 19.00 | 97.00 | 116.00 | OK | |
r-patched-linux-x86_64 | 2.3.5 | 13.64 | 76.86 | 90.50 | OK | |
r-release-linux-x86_64 | 2.3.5 | OK | ||||
r-release-macos-arm64 | 2.3.5 | 45.00 | OK | |||
r-release-macos-x86_64 | 2.3.5 | 65.00 | OK | |||
r-release-windows-x86_64 | 2.3.5 | 19.00 | 98.00 | 117.00 | OK | |
r-oldrel-macos-arm64 | 2.3.5 | 45.00 | OK | |||
r-oldrel-macos-x86_64 | 2.3.5 | 60.00 | OK | |||
r-oldrel-windows-ix86+x86_64 | 2.3.5 | 28.00 | 114.00 | 142.00 | OK |
Version: 2.3.5
Check: compiled code
Result: NOTE
File ‘fanc/libs/fanc.so’:
Found no calls to: ‘R_registerRoutines’, ‘R_useDynamicSymbols’
It is good practice to register native routines and to disable symbol
search.
See ‘Writing portable packages’ in the ‘Writing R Extensions’ manual.
Flavors: r-devel-linux-x86_64-fedora-clang, r-devel-linux-x86_64-fedora-gcc