Last updated on 2023-02-05 11:10:33 CET.
Flavor | Version | Tinstall | Tcheck | Ttotal | Status | Flags |
---|---|---|---|---|---|---|
r-devel-linux-x86_64-debian-clang | 1.0.6 | 32.83 | 42.90 | 75.73 | NOTE | |
r-devel-linux-x86_64-debian-gcc | 1.0.6 | 22.41 | 33.26 | 55.67 | NOTE | |
r-devel-linux-x86_64-fedora-clang | 1.0.6 | 105.30 | NOTE | |||
r-devel-linux-x86_64-fedora-gcc | 1.0.6 | 104.56 | NOTE | |||
r-devel-windows-x86_64 | 1.0.6 | 37.00 | 115.00 | 152.00 | NOTE | |
r-patched-linux-x86_64 | 1.0.6 | 25.59 | 41.07 | 66.66 | OK | |
r-release-linux-x86_64 | 1.0.6 | 26.30 | 42.44 | 68.74 | OK | |
r-release-macos-arm64 | 1.0.6 | 30.00 | OK | |||
r-release-macos-x86_64 | 1.0.6 | 43.00 | OK | |||
r-release-windows-x86_64 | 1.0.6 | 36.00 | 119.00 | 155.00 | OK | |
r-oldrel-macos-arm64 | 1.0.6 | 38.00 | OK | |||
r-oldrel-macos-x86_64 | 1.0.6 | 55.00 | OK | |||
r-oldrel-windows-ix86+x86_64 | 1.0.6 | 74.00 | 106.00 | 180.00 | OK |
Version: 1.0.6
Check: C++ specification
Result: NOTE
Specified C++11: please update to current default of C++17
Flavors: r-devel-linux-x86_64-debian-clang, r-devel-linux-x86_64-debian-gcc, r-devel-linux-x86_64-fedora-clang, r-devel-linux-x86_64-fedora-gcc, r-devel-windows-x86_64