CRAN Package Check Results for Package fastLogisticRegressionWrap

Last updated on 2024-02-26 19:50:08 CET.

Flavor Version Tinstall Tcheck Ttotal Status Flags
r-devel-linux-x86_64-debian-clang 1.2.0 37.03 35.66 72.69 NOTE
r-devel-linux-x86_64-debian-gcc 1.2.0 27.19 29.35 56.54 NOTE
r-devel-linux-x86_64-fedora-clang 1.2.0 98.20 NOTE
r-devel-linux-x86_64-fedora-gcc 1.2.0 95.98 OK
r-devel-windows-x86_64 1.2.0 29.00 72.00 101.00 OK
r-patched-linux-x86_64 1.2.0 38.88 37.61 76.49 OK
r-release-linux-x86_64 1.2.0 33.98 37.39 71.37 OK
r-release-macos-arm64 1.2.0 29.00 NOTE
r-release-macos-x86_64 1.2.0 50.00 NOTE
r-release-windows-x86_64 1.2.0 35.00 80.00 115.00 OK
r-oldrel-macos-arm64 1.2.0 30.00 NOTE
r-oldrel-windows-x86_64 1.2.0 32.00 75.00 107.00 OK

Check Details

Version: 1.2.0
Check: Rd files
Result: NOTE checkRd: (-1) eigen_compute_single_entry_of_diagonal_matrix.Rd:17: Lost braces; missing escapes or markup? 17 | The value of m^{-1}_{j,j} | ^ checkRd: (-1) eigen_compute_single_entry_of_diagonal_matrix.Rd:17: Lost braces; missing escapes or markup? 17 | The value of m^{-1}_{j,j} | ^ Flavors: r-devel-linux-x86_64-debian-clang, r-devel-linux-x86_64-debian-gcc, r-devel-linux-x86_64-fedora-clang

Version: 1.2.0
Check: installed package size
Result: NOTE installed size is 5.9Mb sub-directories of 1Mb or more: libs 5.8Mb Flavors: r-release-macos-arm64, r-release-macos-x86_64, r-oldrel-macos-arm64