CRAN Package Check Results for Package fastMatMR

Last updated on 2024-07-21 16:52:10 CEST.

Flavor Version Tinstall Tcheck Ttotal Status Flags
r-devel-linux-x86_64-debian-clang 1.2.5 36.49 39.86 76.35 NOTE
r-devel-linux-x86_64-debian-gcc 1.2.5 25.72 30.41 56.13 NOTE
r-devel-linux-x86_64-fedora-clang 1.2.5 97.12 NOTE
r-devel-linux-x86_64-fedora-gcc 1.2.5 124.16 NOTE
r-devel-windows-x86_64 1.2.5 31.00 84.00 115.00 NOTE
r-patched-linux-x86_64 1.2.5 32.23 37.07 69.30 OK
r-release-linux-x86_64 1.2.5 33.20 37.29 70.49 OK
r-release-macos-arm64 1.2.5 38.00 NOTE
r-release-macos-x86_64 1.2.5 65.00 NOTE
r-release-windows-x86_64 1.2.5 29.00 87.00 116.00 OK
r-oldrel-macos-arm64 1.2.5 53.00 NOTE
r-oldrel-macos-x86_64 1.2.5 116.00 NOTE
r-oldrel-windows-x86_64 1.2.5 29.00 97.00 126.00 OK

Additional issues

Intel Intel

Check Details

Version: 1.2.5
Check: compiled code
Result: NOTE File ‘fastMatMR/libs/fastMatMR.so’: Found non-API calls to R: ‘SETLENGTH’, ‘SET_GROWABLE_BIT’, ‘SET_TRUELENGTH’ Compiled code should not call non-API entry points in R. See ‘Writing portable packages’ in the ‘Writing R Extensions’ manual, and section ‘Moving into C API compliance’ for issues with the use of non-API entry points. Flavors: r-devel-linux-x86_64-debian-clang, r-devel-linux-x86_64-debian-gcc, r-devel-linux-x86_64-fedora-clang, r-devel-linux-x86_64-fedora-gcc

Version: 1.2.5
Check: compiled code
Result: NOTE File 'fastMatMR/libs/x64/fastMatMR.dll': Found non-API calls to R: 'SETLENGTH', 'SET_GROWABLE_BIT', 'SET_TRUELENGTH' Compiled code should not call non-API entry points in R. See 'Writing portable packages' in the 'Writing R Extensions' manual, and section 'Moving into C API compliance' for issues with the use of non-API entry points. Flavor: r-devel-windows-x86_64

Version: 1.2.5
Check: installed package size
Result: NOTE installed size is 5.6Mb sub-directories of 1Mb or more: libs 4.7Mb Flavors: r-release-macos-arm64, r-release-macos-x86_64, r-oldrel-macos-arm64, r-oldrel-macos-x86_64