Last updated on 2021-01-17 11:49:20 CET.
Flavor | Version | Tinstall | Tcheck | Ttotal | Status | Flags |
---|---|---|---|---|---|---|
r-devel-linux-x86_64-debian-clang | 1.4 | 15.12 | 102.30 | 117.42 | OK | |
r-devel-linux-x86_64-debian-gcc | 1.4 | 12.43 | 80.02 | 92.45 | OK | |
r-devel-linux-x86_64-fedora-clang | 1.4 | 149.71 | OK | |||
r-devel-linux-x86_64-fedora-gcc | 1.4 | 145.47 | OK | |||
r-devel-windows-ix86+x86_64 | 1.4 | 21.00 | 107.00 | 128.00 | OK | |
r-patched-linux-x86_64 | 1.4 | 9.27 | 97.01 | 106.28 | OK | |
r-patched-solaris-x86 | 1.4 | 205.10 | OK | |||
r-release-linux-x86_64 | 1.4 | 8.94 | 96.58 | 105.52 | OK | |
r-release-macos-x86_64 | 1.4 | OK | ||||
r-release-windows-ix86+x86_64 | 1.4 | 26.00 | 102.00 | 128.00 | OK | |
r-oldrel-macos-x86_64 | 1.4 | NOTE | ||||
r-oldrel-windows-ix86+x86_64 | 1.4 | 25.00 | 90.00 | 115.00 | OK |
Version: 1.4
Check: dependencies in R code
Result: NOTE
No protocol specified
No protocol specified
Flavor: r-oldrel-macos-x86_64