Last updated on 2025-04-18 21:49:51 CEST.
Flavor | Version | Tinstall | Tcheck | Ttotal | Status | Flags |
---|---|---|---|---|---|---|
r-devel-linux-x86_64-debian-clang | 0.6-192 | 117.80 | 177.23 | 295.03 | OK | |
r-devel-linux-x86_64-debian-gcc | 0.6-192 | 81.11 | 119.93 | 201.04 | OK | |
r-devel-linux-x86_64-fedora-clang | 0.6-192 | 520.04 | OK | |||
r-devel-linux-x86_64-fedora-gcc | 0.6-192 | 503.42 | OK | |||
r-devel-windows-x86_64 | 0.6-192 | 138.00 | 215.00 | 353.00 | OK | |
r-patched-linux-x86_64 | 0.6-192 | 110.28 | 170.66 | 280.94 | OK | |
r-release-linux-x86_64 | 0.6-192 | 113.91 | 169.92 | 283.83 | OK | |
r-release-macos-arm64 | 0.6-192 | 129.00 | OK | |||
r-release-macos-x86_64 | 0.6-192 | 235.00 | OK | |||
r-release-windows-x86_64 | 0.6-192 | 141.00 | 209.00 | 350.00 | OK | |
r-oldrel-macos-arm64 | 0.6-192 | 79.00 | NOTE | |||
r-oldrel-macos-x86_64 | 0.6-192 | 121.00 | NOTE | |||
r-oldrel-windows-x86_64 | 0.6-192 | 166.00 | 259.00 | 425.00 | NOTE |
Version: 0.6-192
Check: installed package size
Result: NOTE
installed size is 10.6Mb
sub-directories of 1Mb or more:
data 4.7Mb
libs 5.1Mb
Flavors: r-oldrel-macos-arm64, r-oldrel-macos-x86_64, r-oldrel-windows-x86_64
Version: 0.6-192
Check: for GNU extensions in Makefiles
Result: NOTE
GNU make is a SystemRequirements.
Flavors: r-oldrel-macos-arm64, r-oldrel-macos-x86_64, r-oldrel-windows-x86_64