Last updated on 2023-03-29 18:49:27 CEST.
Flavor | Version | Tinstall | Tcheck | Ttotal | Status | Flags |
---|---|---|---|---|---|---|
r-devel-linux-x86_64-debian-clang | 0.1.0 | 1.66 | 19.83 | 21.49 | NOTE | |
r-devel-linux-x86_64-debian-gcc | 0.1.0 | 1.57 | 15.69 | 17.26 | NOTE | |
r-devel-linux-x86_64-fedora-clang | 0.1.0 | 27.98 | NOTE | |||
r-devel-linux-x86_64-fedora-gcc | 0.1.0 | 26.37 | NOTE | |||
r-devel-windows-x86_64 | 0.1.0 | 5.00 | 0.00 | 5.00 | NOTE | |
r-patched-linux-x86_64 | 0.1.0 | 1.87 | 19.31 | 21.18 | NOTE | |
r-release-linux-x86_64 | 0.1.0 | 1.43 | 20.75 | 22.18 | NOTE | |
r-release-macos-arm64 | 0.1.0 | 15.00 | NOTE | |||
r-release-macos-x86_64 | 0.1.0 | 19.00 | NOTE | |||
r-release-windows-x86_64 | 0.1.0 | 7.00 | 42.00 | 49.00 | NOTE | |
r-oldrel-macos-arm64 | 0.1.0 | 16.00 | NOTE | |||
r-oldrel-macos-x86_64 | 0.1.0 | 23.00 | NOTE | |||
r-oldrel-windows-ix86+x86_64 | 0.1.0 | 5.00 | 25.00 | 30.00 | NOTE |
Version: 0.1.0
Check: LazyData
Result: NOTE
'LazyData' is specified without a 'data' directory
Flavors: r-devel-linux-x86_64-debian-clang, r-devel-linux-x86_64-debian-gcc, r-devel-linux-x86_64-fedora-clang, r-devel-linux-x86_64-fedora-gcc, r-devel-windows-x86_64, r-patched-linux-x86_64, r-release-linux-x86_64, r-release-macos-arm64, r-release-macos-x86_64, r-release-windows-x86_64, r-oldrel-macos-arm64, r-oldrel-macos-x86_64, r-oldrel-windows-ix86+x86_64