CRAN Package Check Results for Package fastcmh

Last updated on 2022-01-29 13:57:22 CET.

Flavor Version Tinstall Tcheck Ttotal Status Flags
r-devel-linux-x86_64-debian-clang 0.2.7 36.78 41.02 77.80 OK
r-devel-linux-x86_64-debian-gcc 0.2.7 30.69 32.25 62.94 OK
r-devel-linux-x86_64-fedora-clang 0.2.7 114.58 NOTE
r-devel-linux-x86_64-fedora-gcc 0.2.7 94.90 NOTE
r-devel-windows-x86_64-new-UL 0.2.7 54.00 81.00 135.00 OK
r-devel-windows-x86_64-new-TK 0.2.7 OK
r-patched-linux-x86_64 0.2.7 OK
r-release-linux-x86_64 0.2.7 30.04 38.62 68.66 OK
r-release-macos-arm64 0.2.7 OK
r-release-macos-x86_64 0.2.7 OK
r-release-windows-ix86+x86_64 0.2.7 97.00 79.00 176.00 OK
r-oldrel-macos-x86_64 0.2.7 OK
r-oldrel-windows-ix86+x86_64 0.2.7 98.00 83.00 181.00 OK

Check Details

Version: 0.2.7
Check: compiled code
Result: NOTE
    File ‘fastcmh/libs/fastcmh.so’:
     Found no calls to: ‘R_registerRoutines’, ‘R_useDynamicSymbols’
    
    It is good practice to register native routines and to disable symbol
    search.
    
    See ‘Writing portable packages’ in the ‘Writing R Extensions’ manual.
Flavors: r-devel-linux-x86_64-fedora-clang, r-devel-linux-x86_64-fedora-gcc