CRAN Package Check Results for Package fastcox

Last updated on 2019-03-23 09:47:52 CET.

Flavor Version Tinstall Tcheck Ttotal Status Flags
r-devel-linux-x86_64-debian-clang 1.1.3 8.37 55.24 63.61 OK
r-devel-linux-x86_64-debian-gcc 1.1.3 7.16 42.64 49.80 OK
r-devel-linux-x86_64-fedora-clang 1.1.3 76.26 OK
r-devel-linux-x86_64-fedora-gcc 1.1.3 72.88 OK
r-devel-windows-ix86+x86_64 1.1.3 34.00 92.00 126.00 OK
r-patched-linux-x86_64 1.1.3 6.27 49.60 55.87 OK
r-patched-solaris-x86 1.1.3 108.60 OK
r-release-linux-x86_64 1.1.3 0.26 2.08 2.34 ERROR
r-release-windows-ix86+x86_64 1.1.3 22.00 90.00 112.00 OK
r-release-osx-x86_64 1.1.3 OK
r-oldrel-windows-ix86+x86_64 1.1.3 32.00 107.00 139.00 OK
r-oldrel-osx-x86_64 1.1.3 OK

Check Details

Version: 1.1.3
Check: whether package can be installed
Result: ERROR
    Installation failed.
Flavor: r-release-linux-x86_64