Last updated on 2025-01-25 05:48:23 CET.
Flavor | Version | Tinstall | Tcheck | Ttotal | Status | Flags |
---|---|---|---|---|---|---|
r-devel-linux-x86_64-debian-clang | 1.0.3 | 15.04 | 455.48 | 470.52 | NOTE | |
r-devel-linux-x86_64-debian-gcc | 1.0.3 | 10.68 | 281.20 | 291.88 | NOTE | |
r-devel-linux-x86_64-fedora-clang | 1.0.3 | 659.23 | OK | |||
r-devel-linux-x86_64-fedora-gcc | 1.0.3 | 639.37 | NOTE | |||
r-devel-windows-x86_64 | 1.0.3 | 15.00 | 321.00 | 336.00 | OK | |
r-patched-linux-x86_64 | 1.0.3 | 13.56 | 357.96 | 371.52 | OK | |
r-release-linux-x86_64 | 1.0.3 | 14.13 | 354.62 | 368.75 | OK | |
r-release-macos-arm64 | 1.0.3 | 162.00 | OK | |||
r-release-macos-x86_64 | 1.0.3 | 281.00 | OK | |||
r-release-windows-x86_64 | 1.0.3 | 15.00 | 286.00 | 301.00 | OK | |
r-oldrel-macos-arm64 | 1.0.3 | 155.00 | OK | |||
r-oldrel-macos-x86_64 | 1.0.3 | 265.00 | OK | |||
r-oldrel-windows-x86_64 | 1.0.3 | 20.00 | 375.00 | 395.00 | OK |
Version: 1.0.3
Check: DESCRIPTION meta-information
Result: NOTE
Missing dependency on R >= 4.1.0 because package code uses the pipe
|> or function shorthand \(...) syntax added in R 4.1.0.
File(s) using such syntax:
‘aggregate_gt.R’ ‘aux_funcs.R’ ‘double_did.R’ ‘estimate_gtatt.R’
‘generics.R’ ‘sim_did.R’
Flavors: r-devel-linux-x86_64-debian-clang, r-devel-linux-x86_64-debian-gcc, r-devel-linux-x86_64-fedora-gcc