CRAN Package Check Results for Package fastdigest

Last updated on 2019-05-27 10:48:03 CEST.

Flavor Version Tinstall Tcheck Ttotal Status Flags
r-devel-linux-x86_64-debian-clang 0.6-3 3.16 16.40 19.56 OK
r-devel-linux-x86_64-debian-gcc 0.6-3 2.16 13.50 15.66 OK
r-devel-linux-x86_64-fedora-clang 0.6-3 24.94 NOTE
r-devel-linux-x86_64-fedora-gcc 0.6-3 22.30 NOTE
r-devel-windows-ix86+x86_64 0.6-3 112.00 47.00 159.00 OK
r-patched-linux-x86_64 0.6-3 OK
r-patched-solaris-x86 0.6-3 39.90 OK
r-release-linux-x86_64 0.6-3 2.59 16.28 18.87 OK
r-release-windows-ix86+x86_64 0.6-3 11.00 35.00 46.00 OK
r-release-osx-x86_64 0.6-3 OK
r-oldrel-windows-ix86+x86_64 0.6-3 8.00 36.00 44.00 OK
r-oldrel-osx-x86_64 0.6-3 OK

Check Details

Version: 0.6-3
Check: compiled code
Result: NOTE
    File ‘fastdigest/libs/fastdigest.so’:
     Found no call to: ‘R_useDynamicSymbols’
    
    It is good practice to register native routines and to disable symbol
    search.
    
    See ‘Writing portable packages’ in the ‘Writing R Extensions’ manual.
Flavors: r-devel-linux-x86_64-fedora-clang, r-devel-linux-x86_64-fedora-gcc