CRAN Package Check Results for Package fastdigest

Last updated on 2019-08-21 02:49:05 CEST.

Flavor Version Tinstall Tcheck Ttotal Status Flags
r-devel-linux-x86_64-debian-clang 0.6-3 3.69 16.85 20.54 OK
r-devel-linux-x86_64-debian-gcc 0.6-3 2.37 13.48 15.85 OK
r-devel-linux-x86_64-fedora-clang 0.6-3 26.45 NOTE
r-devel-linux-x86_64-fedora-gcc 0.6-3 24.32 NOTE
r-devel-windows-ix86+x86_64 0.6-3 13.00 51.00 64.00 OK
r-patched-linux-x86_64 0.6-3 2.69 16.52 19.21 OK
r-patched-solaris-x86 0.6-3 45.30 OK
r-release-linux-x86_64 0.6-3 2.69 16.57 19.26 OK
r-release-windows-ix86+x86_64 0.6-3 13.00 32.00 45.00 OK
r-release-osx-x86_64 0.6-3 OK
r-oldrel-windows-ix86+x86_64 0.6-3 8.00 48.00 56.00 OK
r-oldrel-osx-x86_64 0.6-3 OK

Check Details

Version: 0.6-3
Check: compiled code
Result: NOTE
    File ‘fastdigest/libs/fastdigest.so’:
     Found no call to: ‘R_useDynamicSymbols’
    
    It is good practice to register native routines and to disable symbol
    search.
    
    See ‘Writing portable packages’ in the ‘Writing R Extensions’ manual.
Flavors: r-devel-linux-x86_64-fedora-clang, r-devel-linux-x86_64-fedora-gcc