CRAN Package Check Results for Package fasterElasticNet

Last updated on 2020-11-24 16:48:55 CET.

Flavor Version Tinstall Tcheck Ttotal Status Flags
r-devel-linux-x86_64-debian-clang 1.1.2 78.99 30.64 109.63 OK
r-devel-linux-x86_64-debian-gcc 1.1.2 66.71 23.05 89.76 OK
r-devel-linux-x86_64-fedora-clang 1.1.2 130.85 NOTE
r-devel-linux-x86_64-fedora-gcc 1.1.2 109.33 OK
r-devel-windows-ix86+x86_64 1.1.2 141.00 75.00 216.00 NOTE
r-patched-linux-x86_64 1.1.2 84.63 30.83 115.46 OK
r-patched-solaris-x86 1.1.2 112.30 OK
r-release-linux-x86_64 1.1.2 81.19 28.72 109.91 OK
r-release-macos-x86_64 1.1.2 NOTE
r-release-windows-ix86+x86_64 1.1.2 111.00 53.00 164.00 NOTE
r-oldrel-macos-x86_64 1.1.2 NOTE
r-oldrel-windows-ix86+x86_64 1.1.2 111.00 69.00 180.00 OK

Check Details

Version: 1.1.2
Check: installed package size
Result: NOTE
     installed size is 5.6Mb
     sub-directories of 1Mb or more:
     data 3.1Mb
     libs 2.3Mb
Flavors: r-devel-linux-x86_64-fedora-clang, r-devel-windows-ix86+x86_64, r-release-macos-x86_64, r-release-windows-ix86+x86_64, r-oldrel-macos-x86_64