Last updated on 2025-01-19 22:49:11 CET.
Flavor | Version | Tinstall | Tcheck | Ttotal | Status | Flags |
---|---|---|---|---|---|---|
r-devel-linux-x86_64-debian-clang | 0.1-103 | 69.28 | 200.97 | 270.25 | OK | |
r-devel-linux-x86_64-debian-gcc | 0.1-103 | 52.32 | 132.53 | 184.85 | OK | |
r-devel-linux-x86_64-fedora-clang | 0.1-103 | 456.06 | OK | |||
r-devel-linux-x86_64-fedora-gcc | 0.1-103 | 496.98 | OK | |||
r-devel-windows-x86_64 | 0.1-103 | 72.00 | 193.00 | 265.00 | OK | |
r-patched-linux-x86_64 | 0.1-103 | 65.33 | 189.12 | 254.45 | NOTE | |
r-release-linux-x86_64 | 0.1-103 | 65.81 | 187.81 | 253.62 | NOTE | |
r-release-macos-arm64 | 0.1-103 | 118.00 | NOTE | |||
r-release-macos-x86_64 | 0.1-103 | 173.00 | NOTE | |||
r-release-windows-x86_64 | 0.1-103 | 74.00 | 197.00 | 271.00 | NOTE | |
r-oldrel-macos-arm64 | 0.1-103 | 126.00 | NOTE | |||
r-oldrel-macos-x86_64 | 0.1-103 | 309.00 | NOTE | |||
r-oldrel-windows-x86_64 | 0.1-103 | 83.00 | 257.00 | 340.00 | NOTE |
Version: 0.1-103
Check: for GNU extensions in Makefiles
Result: NOTE
GNU make is a SystemRequirements.
Flavors: r-patched-linux-x86_64, r-release-linux-x86_64, r-release-macos-arm64, r-release-macos-x86_64, r-release-windows-x86_64, r-oldrel-macos-arm64, r-oldrel-macos-x86_64, r-oldrel-windows-x86_64
Version: 0.1-103
Check: installed package size
Result: NOTE
installed size is 8.3Mb
sub-directories of 1Mb or more:
data 4.5Mb
doc 1.1Mb
libs 2.7Mb
Flavors: r-release-macos-arm64, r-release-macos-x86_64, r-release-windows-x86_64, r-oldrel-macos-arm64, r-oldrel-macos-x86_64, r-oldrel-windows-x86_64