CRAN Package Check Results for Package fastpseudo

Last updated on 2021-09-18 15:52:23 CEST.

Flavor Version Tinstall Tcheck Ttotal Status Flags
r-devel-linux-x86_64-debian-clang 0.1 1.76 21.00 22.76 NOTE
r-devel-linux-x86_64-debian-gcc 0.1 1.33 16.59 17.92 NOTE
r-devel-linux-x86_64-fedora-clang 0.1 37.79 NOTE
r-devel-linux-x86_64-fedora-gcc 0.1 26.53 NOTE
r-devel-windows-x86_64 0.1 3.00 37.00 40.00 NOTE
r-devel-windows-x86_64-gcc10-UCRT 0.1 NOTE
r-patched-linux-x86_64 0.1 2.10 20.55 22.65 NOTE
r-patched-solaris-x86 0.1 41.70 NOTE
r-release-linux-x86_64 0.1 1.82 20.51 22.33 NOTE
r-release-macos-arm64 0.1 NOTE
r-release-macos-x86_64 0.1 NOTE
r-release-windows-ix86+x86_64 0.1 5.00 30.00 35.00 NOTE
r-oldrel-macos-x86_64 0.1 OK
r-oldrel-windows-ix86+x86_64 0.1 5.00 29.00 34.00 OK

Check Details

Version: 0.1
Check: LazyData
Result: NOTE
     'LazyData' is specified without a 'data' directory
Flavors: r-devel-linux-x86_64-debian-clang, r-devel-linux-x86_64-debian-gcc, r-devel-linux-x86_64-fedora-clang, r-devel-linux-x86_64-fedora-gcc, r-devel-windows-x86_64, r-devel-windows-x86_64-gcc10-UCRT, r-patched-linux-x86_64, r-patched-solaris-x86, r-release-linux-x86_64, r-release-macos-arm64, r-release-macos-x86_64, r-release-windows-ix86+x86_64