CRAN Package Check Results for Package fastquant

Last updated on 2020-09-30 01:49:01 CEST.

Flavor Version Tinstall Tcheck Ttotal Status Flags
r-devel-linux-x86_64-debian-clang 0.1.2 5.59 58.11 63.70 OK
r-devel-linux-x86_64-debian-gcc 0.1.2 4.91 43.97 48.88 OK
r-devel-linux-x86_64-fedora-clang 0.1.2 86.39 OK
r-devel-linux-x86_64-fedora-gcc 0.1.2 71.96 OK
r-devel-windows-ix86+x86_64 0.1.2 15.00 108.00 123.00 OK
r-patched-linux-x86_64 0.1.2 5.07 54.00 59.07 OK
r-patched-solaris-x86 0.1.2 110.00 OK
r-release-linux-x86_64 0.1.2 5.62 54.30 59.92 OK
r-release-macos-x86_64 0.1.2 OK
r-release-windows-ix86+x86_64 0.1.2 15.00 110.00 125.00 OK
r-oldrel-macos-x86_64 0.1.2 OK
r-oldrel-windows-ix86+x86_64 0.1.2 12.00 234.00 246.00 ERROR

Check Details

Version: 0.1.2
Check: tests
Result: ERROR
     Running 'spelling.R' [0s]
     Running 'testthat.R' [167s]
    Running the tests in 'tests/testthat.R' failed.
    Complete output:
     > library(testthat)
     > library(fastquant)
     >
     > test_check("fastquant")
     -- 1. Failure: get_stock_data returns correct data (@test-get-stock.R#12) -----
     get_stock_data("JFC", "2019-01-03", "2019-01-03")$close not equal to 292.
     Lengths differ: 0 is not 1
    
     -- 2. Failure: get_stock_data returns correct data (@test-get-stock.R#13) -----
     get_stock_data("JFC", "2019-01-03", "2019-01-03")$volume not equal to 1665440.
     Lengths differ: 0 is not 1
    
     == testthat results ===========================================================
     [ OK: 3 | SKIPPED: 0 | WARNINGS: 184 | FAILED: 2 ]
     1. Failure: get_stock_data returns correct data (@test-get-stock.R#12)
     2. Failure: get_stock_data returns correct data (@test-get-stock.R#13)
    
     Error: testthat unit tests failed
     Execution halted
Flavor: r-oldrel-windows-ix86+x86_64