CRAN Package Check Results for Package fastrmodels

Last updated on 2024-02-28 10:14:01 CET.

Flavor Version Tinstall Tcheck Ttotal Status Flags
r-devel-linux-x86_64-debian-clang 1.0.2 50.42 78.95 129.37 OK
r-devel-linux-x86_64-debian-gcc 1.0.2 44.88 60.36 105.24 OK
r-devel-linux-x86_64-fedora-clang 1.0.2 171.73 NOTE
r-devel-linux-x86_64-fedora-gcc 1.0.2 161.01 OK
r-devel-windows-x86_64 1.0.2 48.00 75.00 123.00 NOTE
r-patched-linux-x86_64 1.0.2 53.35 77.31 130.66 OK
r-release-linux-x86_64 1.0.2 45.11 76.49 121.60 OK
r-release-macos-arm64 1.0.2 79.00 NOTE
r-release-macos-x86_64 1.0.2 106.00 NOTE
r-release-windows-x86_64 1.0.2 59.00 87.00 146.00 NOTE
r-oldrel-macos-arm64 1.0.2 83.00 NOTE
r-oldrel-windows-x86_64 1.0.2 61.00 93.00 154.00 NOTE

Check Details

Version: 1.0.2
Check: installed package size
Result: NOTE installed size is 15.8Mb sub-directories of 1Mb or more: data 15.7Mb Flavors: r-devel-linux-x86_64-fedora-clang, r-devel-windows-x86_64, r-release-macos-arm64, r-release-macos-x86_64, r-release-windows-x86_64, r-oldrel-macos-arm64, r-oldrel-windows-x86_64