CRAN Package Check Results for Package fasttime

Last updated on 2021-03-02 14:46:51 CET.

Flavor Version Tinstall Tcheck Ttotal Status Flags
r-devel-linux-x86_64-debian-clang 1.0-2 OK
r-devel-linux-x86_64-debian-gcc 1.0-2 1.60 15.52 17.12 OK
r-devel-linux-x86_64-fedora-clang 1.0-2 37.50 NOTE
r-devel-linux-x86_64-fedora-gcc 1.0-2 26.33 NOTE
r-devel-windows-ix86+x86_64 1.0-2 7.00 31.00 38.00 OK
r-patched-linux-x86_64 1.0-2 2.09 19.05 21.14 OK
r-patched-solaris-x86 1.0-2 44.20 OK
r-release-linux-x86_64 1.0-2 1.96 18.96 20.92 OK
r-release-macos-x86_64 1.0-2 OK
r-release-windows-ix86+x86_64 1.0-2 6.00 29.00 35.00 OK
r-oldrel-macos-x86_64 1.0-2 OK
r-oldrel-windows-ix86+x86_64 1.0-2 7.00 41.00 48.00 OK

Check Details

Version: 1.0-2
Check: compiled code
Result: NOTE
    File ‘fasttime/libs/fasttime.so’:
     Found no calls to: ‘R_registerRoutines’, ‘R_useDynamicSymbols’
    
    It is good practice to register native routines and to disable symbol
    search.
    
    See ‘Writing portable packages’ in the ‘Writing R Extensions’ manual.
Flavors: r-devel-linux-x86_64-fedora-clang, r-devel-linux-x86_64-fedora-gcc