CRAN Package Check Results for Package fasttime

Last updated on 2021-10-17 16:49:23 CEST.

Flavor Version Tinstall Tcheck Ttotal Status Flags
r-devel-linux-x86_64-debian-clang 1.0-2 2.01 19.21 21.22 OK
r-devel-linux-x86_64-debian-gcc 1.0-2 1.68 14.98 16.66 OK
r-devel-linux-x86_64-fedora-clang 1.0-2 36.25 NOTE
r-devel-linux-x86_64-fedora-gcc 1.0-2 25.60 NOTE
r-devel-windows-x86_64 1.0-2 5.00 33.00 38.00 OK
r-devel-windows-x86_64-gcc10-UCRT 1.0-2 OK
r-patched-linux-x86_64 1.0-2 2.02 18.33 20.35 OK
r-patched-solaris-x86 1.0-2 43.00 OK
r-release-linux-x86_64 1.0-2 2.06 18.60 20.66 OK
r-release-macos-arm64 1.0-2 OK
r-release-macos-x86_64 1.0-2 OK
r-release-windows-ix86+x86_64 1.0-2 7.00 32.00 39.00 OK
r-oldrel-macos-x86_64 1.0-2 OK
r-oldrel-windows-ix86+x86_64 1.0-2 6.00 29.00 35.00 OK

Check Details

Version: 1.0-2
Check: compiled code
Result: NOTE
    File ‘fasttime/libs/fasttime.so’:
     Found no calls to: ‘R_registerRoutines’, ‘R_useDynamicSymbols’
    
    It is good practice to register native routines and to disable symbol
    search.
    
    See ‘Writing portable packages’ in the ‘Writing R Extensions’ manual.
Flavors: r-devel-linux-x86_64-fedora-clang, r-devel-linux-x86_64-fedora-gcc