CRAN Package Check Results for Package fastverse

Last updated on 2021-10-23 01:48:59 CEST.

Flavor Version Tinstall Tcheck Ttotal Status Flags
r-devel-linux-x86_64-debian-clang 0.2.1 3.92 123.30 127.22 OK
r-devel-linux-x86_64-debian-gcc 0.2.1 3.20 93.32 96.52 OK
r-devel-linux-x86_64-fedora-clang 0.2.1 158.12 NOTE
r-devel-linux-x86_64-fedora-gcc 0.2.1 147.77 NOTE
r-devel-windows-x86_64 0.2.1 16.00 148.00 164.00 OK
r-devel-windows-x86_64-gcc10-UCRT 0.2.1 NOTE
r-patched-linux-x86_64 0.2.1 4.33 109.40 113.73 OK
r-patched-solaris-x86 0.2.1 185.70 NOTE
r-release-linux-x86_64 0.2.1 3.45 112.27 115.72 OK
r-release-macos-arm64 0.2.1 NOTE
r-release-macos-x86_64 0.2.1 NOTE
r-release-windows-ix86+x86_64 0.2.1 19.00 121.00 140.00 OK
r-oldrel-macos-x86_64 0.2.1 NOTE
r-oldrel-windows-ix86+x86_64 0.2.1 29.00 140.00 169.00 NOTE

Check Details

Version: 0.2.1
Check: dependencies in R code
Result: NOTE
    Namespaces in Imports field not imported from:
     ‘data.table’ ‘fst’ ‘kit’ ‘magrittr’ ‘matrixStats’
     All declared Imports should be used.
Flavors: r-devel-linux-x86_64-fedora-clang, r-devel-linux-x86_64-fedora-gcc, r-devel-windows-x86_64-gcc10-UCRT, r-patched-solaris-x86, r-release-macos-arm64, r-release-macos-x86_64, r-oldrel-macos-x86_64

Version: 0.2.1
Check: R code for possible problems
Result: NOTE
    fastverse_sitrep: no visible global function definition for ‘...names’
    Undefined global functions or variables:
     ...names
Flavors: r-oldrel-macos-x86_64, r-oldrel-windows-ix86+x86_64