CRAN Package Check Results for Package fastverse

Last updated on 2022-11-29 10:51:19 CET.

Flavor Version Tinstall Tcheck Ttotal Status Flags
r-devel-linux-x86_64-debian-clang 0.3.0 3.38 53.12 56.50 OK
r-devel-linux-x86_64-debian-gcc 0.3.0 2.88 39.47 42.35 OK
r-devel-linux-x86_64-fedora-clang 0.3.0 83.92 NOTE
r-devel-linux-x86_64-fedora-gcc 0.3.0 91.41 NOTE
r-devel-windows-x86_64 0.3.0 21.00 91.00 112.00 OK
r-patched-linux-x86_64 0.3.0 2.81 48.66 51.47 OK
r-release-linux-x86_64 0.3.0 3.41 50.33 53.74 OK
r-release-macos-arm64 0.3.0 33.00 NOTE
r-release-macos-x86_64 0.3.0 38.00 NOTE
r-release-windows-x86_64 0.3.0 22.00 99.00 121.00 OK
r-oldrel-macos-arm64 0.3.0 35.00 NOTE
r-oldrel-macos-x86_64 0.3.0 45.00 NOTE
r-oldrel-windows-ix86+x86_64 0.3.0 9.00 79.00 88.00 OK

Check Details

Version: 0.3.0
Check: dependencies in R code
Result: NOTE
    Namespaces in Imports field not imported from:
     ‘collapse’ ‘data.table’ ‘kit’ ‘magrittr’
     All declared Imports should be used.
Flavors: r-devel-linux-x86_64-fedora-clang, r-devel-linux-x86_64-fedora-gcc, r-release-macos-arm64, r-release-macos-x86_64, r-oldrel-macos-arm64, r-oldrel-macos-x86_64