Last updated on 2023-12-04 03:53:40 CET.
Flavor | Version | Tinstall | Tcheck | Ttotal | Status | Flags |
---|---|---|---|---|---|---|
r-devel-linux-x86_64-debian-clang | 17.0.0 | 7.29 | 54.19 | 61.48 | NOTE | |
r-devel-linux-x86_64-debian-gcc | 17.0.0 | 3.50 | 40.15 | 43.65 | NOTE | |
r-devel-linux-x86_64-fedora-clang | 17.0.0 | 73.87 | OK | |||
r-devel-linux-x86_64-fedora-gcc | 17.0.0 | 69.43 | OK | |||
r-devel-windows-x86_64 | 17.0.0 | 6.00 | 64.00 | 70.00 | OK | |
r-patched-linux-x86_64 | 17.0.0 | 7.83 | 50.89 | 58.72 | OK | |
r-release-linux-x86_64 | 17.0.0 | 5.96 | 51.02 | 56.98 | OK | |
r-release-macos-arm64 | 17.0.0 | 24.00 | OK | |||
r-release-macos-x86_64 | 17.0.0 | 54.00 | OK | |||
r-release-windows-x86_64 | 17.0.0 | 8.00 | 69.00 | 77.00 | OK | |
r-oldrel-macos-arm64 | 17.0.0 | 26.00 | OK | |||
r-oldrel-macos-x86_64 | 17.0.0 | 35.00 | OK | |||
r-oldrel-windows-x86_64 | 17.0.0 | 8.00 | 68.00 | 76.00 | OK |
Version: 17.0.0
Check: Rd files
Result: NOTE
checkRd: (-1) fbad_copy_ad.Rd:25: Lost braces; missing escapes or markup?
25 | \item{status_option}{(string) enum {ACTIVE, PAUSED, INHERITED_FROM_SOURCE}}
| ^
checkRd: (-1) fbad_copy_ad.Rd:27: Lost braces; missing escapes or markup?
27 | \item{rename_strategy}{(string) enum {DEEP_RENAME, ONLY_TOP_LEVEL_RENAME, NO_RENAME}}
| ^
checkRd: (-1) fbad_copy_adset.Rd:34: Lost braces; missing escapes or markup?
34 | \item{status_option}{(string) enum {ACTIVE, PAUSED, INHERITED_FROM_SOURCE}}
| ^
checkRd: (-1) fbad_copy_adset.Rd:36: Lost braces; missing escapes or markup?
36 | \item{rename_strategy}{(string) enum {DEEP_RENAME, ONLY_TOP_LEVEL_RENAME, NO_RENAME}}
| ^
checkRd: (-1) fbad_copy_campaign.Rd:31: Lost braces; missing escapes or markup?
31 | \item{status_option}{(string) enum {ACTIVE, PAUSED, INHERITED_FROM_SOURCE}}
| ^
checkRd: (-1) fbad_copy_campaign.Rd:33: Lost braces; missing escapes or markup?
33 | \item{rename_strategy}{(string) enum {DEEP_RENAME, ONLY_TOP_LEVEL_RENAME, NO_RENAME}}
| ^
Flavors: r-devel-linux-x86_64-debian-clang, r-devel-linux-x86_64-debian-gcc