Last updated on 2021-04-21 17:49:21 CEST.
Flavor | Version | Tinstall | Tcheck | Ttotal | Status | Flags |
---|---|---|---|---|---|---|
r-devel-linux-x86_64-debian-clang | 1.0-4 | 44.05 | 97.23 | 141.28 | OK | |
r-devel-linux-x86_64-debian-gcc | 1.0-4 | 31.47 | 73.16 | 104.63 | OK | |
r-devel-linux-x86_64-fedora-clang | 1.0-4 | 198.10 | OK | |||
r-devel-linux-x86_64-fedora-gcc | 1.0-4 | 174.29 | OK | |||
r-devel-windows-ix86+x86_64 | 1.0-4 | 80.00 | 149.00 | 229.00 | OK | |
r-devel-windows-x86_64-gcc10-UCRT | 1.0-4 | OK | ||||
r-patched-linux-x86_64 | 1.0-4 | 40.22 | 87.12 | 127.34 | OK | |
r-patched-solaris-x86 | 1.0-4 | 236.80 | OK | |||
r-release-linux-x86_64 | 1.0-4 | 39.40 | 87.34 | 126.74 | OK | |
r-release-macos-x86_64 | 1.0-4 | OK | ||||
r-release-windows-ix86+x86_64 | 1.0-4 | 85.00 | 147.00 | 232.00 | OK | |
r-oldrel-macos-x86_64 | 1.0-4 | WARN | ||||
r-oldrel-windows-ix86+x86_64 | 1.0-4 | 63.00 | 135.00 | 198.00 | OK |
Version: 1.0-4
Check: dependencies in R code
Result: NOTE
No protocol specified
No protocol specified
Flavor: r-oldrel-macos-x86_64
Version: 1.0-4
Check: S3 generic/method consistency
Result: WARN
No protocol specified
No protocol specified
See section ‘Generic functions and methods’ in the ‘Writing R
Extensions’ manual.
Flavor: r-oldrel-macos-x86_64
Version: 1.0-4
Check: replacement functions
Result: WARN
No protocol specified
No protocol specified
The argument of a replacement function which corresponds to the right
hand side must be named ‘value’.
Flavor: r-oldrel-macos-x86_64
Version: 1.0-4
Check: foreign function calls
Result: NOTE
No protocol specified
No protocol specified
See chapter ‘System and foreign language interfaces’ in the ‘Writing R
Extensions’ manual.
Flavor: r-oldrel-macos-x86_64
Version: 1.0-4
Check: R code for possible problems
Result: NOTE
No protocol specified
No protocol specified
Flavor: r-oldrel-macos-x86_64
Version: 1.0-4
Check: for missing documentation entries
Result: WARN
No protocol specified
No protocol specified
All user-level objects in a package should have documentation entries.
See chapter ‘Writing R documentation files’ in the ‘Writing R
Extensions’ manual.
Flavor: r-oldrel-macos-x86_64
Version: 1.0-4
Check: for code/documentation mismatches
Result: WARN
No protocol specified
No protocol specified
No protocol specified
No protocol specified
No protocol specified
No protocol specified
Flavor: r-oldrel-macos-x86_64
Version: 1.0-4
Check: Rd \usage sections
Result: NOTE
No protocol specified
No protocol specified
The \usage entries for S3 methods should use the \method markup and not
their full name.
See chapter ‘Writing R documentation files’ in the ‘Writing R
Extensions’ manual.
Flavor: r-oldrel-macos-x86_64