CRAN Package Check Results for Package fbati

Last updated on 2019-10-23 17:49:57 CEST.

Flavor Version Tinstall Tcheck Ttotal Status Flags
r-devel-linux-x86_64-debian-clang 1.0-3 38.68 76.63 115.31 OK
r-devel-linux-x86_64-debian-gcc 1.0-3 30.88 61.27 92.15 OK
r-devel-linux-x86_64-fedora-clang 1.0-3 159.63 OK
r-devel-linux-x86_64-fedora-gcc 1.0-3 149.35 OK
r-devel-windows-ix86+x86_64 1.0-3 67.00 145.00 212.00 OK
r-patched-linux-x86_64 1.0-3 33.41 77.01 110.42 OK
r-patched-solaris-x86 1.0-3 214.50 OK
r-release-linux-x86_64 1.0-3 34.08 78.02 112.10 OK
r-release-windows-ix86+x86_64 1.0-3 83.00 105.00 188.00 OK
r-release-osx-x86_64 1.0-3 FAIL
r-oldrel-windows-ix86+x86_64 1.0-3 76.00 151.00 227.00 OK
r-oldrel-osx-x86_64 1.0-3 OK

Additional issues

LTO

Check Details

Version: 1.0-3
Check: whether package can be installed
Result: FAIL
    
Flavor: r-release-osx-x86_64