CRAN Package Check Results for Package fbati

Last updated on 2019-06-17 17:46:36 CEST.

Flavor Version Tinstall Tcheck Ttotal Status Flags
r-devel-linux-x86_64-debian-clang 1.0-3 38.70 76.08 114.78 OK
r-devel-linux-x86_64-debian-gcc 1.0-3 28.40 61.04 89.44 OK
r-devel-linux-x86_64-fedora-clang 1.0-3 155.91 OK
r-devel-linux-x86_64-fedora-gcc 1.0-3 137.32 OK
r-devel-windows-ix86+x86_64 1.0-3 81.00 108.00 189.00 OK
r-patched-linux-x86_64 1.0-3 32.59 77.00 109.59 OK
r-patched-solaris-x86 1.0-3 216.80 OK
r-release-linux-x86_64 1.0-3 34.56 78.28 112.84 OK
r-release-windows-ix86+x86_64 1.0-3 65.00 147.00 212.00 OK
r-release-osx-x86_64 1.0-3 FAIL
r-oldrel-windows-ix86+x86_64 1.0-3 61.00 143.00 204.00 OK
r-oldrel-osx-x86_64 1.0-3 OK

Additional issues

LTO

Check Details

Version: 1.0-3
Check: whether package can be installed
Result: FAIL
    
Flavor: r-release-osx-x86_64