CRAN Package Check Results for Package fbroc

Last updated on 2018-12-10 18:49:55 CET.

Flavor Version Tinstall Tcheck Ttotal Status Flags
r-devel-linux-x86_64-debian-clang 0.4.0 67.19 45.64 112.83 OK
r-devel-linux-x86_64-debian-gcc 0.4.0 51.15 35.16 86.31 OK
r-devel-linux-x86_64-fedora-clang 0.4.0 159.50 NOTE
r-devel-linux-x86_64-fedora-gcc 0.4.0 141.51 NOTE
r-devel-windows-ix86+x86_64 0.4.0 162.00 90.00 252.00 OK
r-patched-linux-x86_64 0.4.0 69.24 43.35 112.59 OK
r-patched-solaris-x86 0.4.0 144.50 OK
r-release-linux-x86_64 0.4.0 67.34 43.34 110.68 OK
r-release-windows-ix86+x86_64 0.4.0 119.00 86.00 205.00 OK
r-release-osx-x86_64 0.4.0 OK
r-oldrel-windows-ix86+x86_64 0.4.0 117.00 100.00 217.00 OK
r-oldrel-osx-x86_64 0.4.0 OK

Check Details

Version: 0.4.0
Check: compiled code
Result: NOTE
    File ‘fbroc/libs/fbroc.so’:
     Found no calls to: ‘R_registerRoutines’, ‘R_useDynamicSymbols’
    
    It is good practice to register native routines and to disable symbol
    search.
    
    See ‘Writing portable packages’ in the ‘Writing R Extensions’ manual.
Flavors: r-devel-linux-x86_64-fedora-clang, r-devel-linux-x86_64-fedora-gcc