CRAN Package Check Results for Package fbroc

Last updated on 2019-02-19 02:51:52 CET.

Flavor Version Tinstall Tcheck Ttotal Status Flags
r-devel-linux-x86_64-debian-clang 0.4.0 60.64 47.07 107.71 OK
r-devel-linux-x86_64-debian-gcc 0.4.0 48.98 35.40 84.38 OK
r-devel-linux-x86_64-fedora-clang 0.4.0 162.31 NOTE
r-devel-linux-x86_64-fedora-gcc 0.4.0 141.61 NOTE
r-devel-windows-ix86+x86_64 0.4.0 150.00 95.00 245.00 OK
r-patched-linux-x86_64 0.4.0 62.45 44.82 107.27 OK
r-patched-solaris-x86 0.4.0 141.20 OK
r-release-linux-x86_64 0.4.0 58.92 43.05 101.97 OK
r-release-windows-ix86+x86_64 0.4.0 110.00 126.00 236.00 OK
r-release-osx-x86_64 0.4.0 OK
r-oldrel-windows-ix86+x86_64 0.4.0 125.00 103.00 228.00 OK
r-oldrel-osx-x86_64 0.4.0 OK

Check Details

Version: 0.4.0
Check: compiled code
Result: NOTE
    File ‘fbroc/libs/fbroc.so’:
     Found no calls to: ‘R_registerRoutines’, ‘R_useDynamicSymbols’
    
    It is good practice to register native routines and to disable symbol
    search.
    
    See ‘Writing portable packages’ in the ‘Writing R Extensions’ manual.
Flavors: r-devel-linux-x86_64-fedora-clang, r-devel-linux-x86_64-fedora-gcc