CRAN Package Check Results for Package fbst

Last updated on 2024-02-21 11:56:23 CET.

Flavor Version Tinstall Tcheck Ttotal Status Flags
r-devel-linux-x86_64-debian-clang 2.2 OK
r-devel-linux-x86_64-debian-gcc 2.2 21.33 266.27 287.60 OK
r-devel-linux-x86_64-fedora-clang 2.2 502.60 OK
r-devel-linux-x86_64-fedora-gcc 2.2 478.64 OK
r-devel-windows-x86_64 2.2 22.00 264.00 286.00 OK
r-patched-linux-x86_64 2.1 27.77 325.77 353.54 ERROR
r-release-linux-x86_64 2.2 27.79 344.33 372.12 OK
r-release-macos-arm64 2.2 145.00 OK
r-release-macos-x86_64 2.2 254.00 OK
r-release-windows-x86_64 2.2 24.00 340.00 364.00 OK
r-oldrel-macos-arm64 2.2 145.00 OK
r-oldrel-windows-x86_64 2.2 24.00 340.00 364.00 OK

Check Details

Version: 2.1
Check: examples
Result: ERROR Running examples in ‘fbst-Ex.R’ failed The error most likely occurred in: > base::assign(".ptime", proc.time(), pos = "CheckExEnv") > ### Name: access-method > ### Title: Returns an object from an object of class 'fbst'. > ### Aliases: $,fbst-method > > ### ** Examples > > set.seed(57) > grp1=rnorm(50,0,1.5) > grp2=rnorm(50,0.8,3.2) > > p = as.vector(BayesFactor::ttestBF(x=grp1,y=grp2, + posterior = TRUE, iterations = 3000, + rscale = "medium")[,4]) > > # flat reference function > res = fbst(posteriorDensityDraws = p, nullHypothesisValue = 0, + dimensionTheta = 3, dimensionNullset = 2) Error in FUN(left, right) : non-numeric argument to binary operator Calls: fbst -> Ops.data.frame -> eval -> eval Execution halted Flavor: r-patched-linux-x86_64

Version: 2.1
Check: re-building of vignette outputs
Result: ERROR Error(s) in re-building vignettes: ... --- re-building ‘fbet.Rmd’ using rmarkdown --- finished re-building ‘fbet.Rmd’ --- re-building ‘fbst.Rmd’ using rmarkdown Quitting from lines 80-85 [unnamed-chunk-4] (fbst.Rmd) Error: processing vignette 'fbst.Rmd' failed with diagnostics: non-numeric argument to binary operator --- failed re-building ‘fbst.Rmd’ --- re-building ‘twodimfbst.Rmd’ using rmarkdown --- finished re-building ‘twodimfbst.Rmd’ SUMMARY: processing the following file failed: ‘fbst.Rmd’ Error: Vignette re-building failed. Execution halted Flavor: r-patched-linux-x86_64