CRAN Package Check Results for Package fc

Last updated on 2024-02-28 17:48:26 CET.

Flavor Version Tinstall Tcheck Ttotal Status Flags
r-devel-linux-x86_64-debian-clang 0.1.0 2.06 22.36 24.42 NOTE
r-devel-linux-x86_64-debian-gcc 0.1.0 1.69 17.17 18.86 NOTE
r-devel-linux-x86_64-fedora-clang 0.1.0 30.90 NOTE
r-devel-linux-x86_64-fedora-gcc 0.1.0 28.94 NOTE
r-devel-windows-x86_64 0.1.0 2.00 38.00 40.00 NOTE
r-patched-linux-x86_64 0.1.0 2.32 22.27 24.59 NOTE
r-release-linux-x86_64 0.1.0 2.14 21.96 24.10 NOTE
r-release-macos-arm64 0.1.0 15.00 NOTE
r-release-macos-x86_64 0.1.0 20.00 NOTE
r-release-windows-x86_64 0.1.0 3.00 38.00 41.00 NOTE
r-oldrel-macos-arm64 0.1.0 18.00 NOTE
r-oldrel-windows-x86_64 0.1.0 4.00 44.00 48.00 NOTE

Check Details

Version: 0.1.0
Check: LazyData
Result: NOTE 'LazyData' is specified without a 'data' directory Flavors: r-devel-linux-x86_64-debian-clang, r-devel-linux-x86_64-debian-gcc, r-devel-linux-x86_64-fedora-clang, r-devel-linux-x86_64-fedora-gcc, r-devel-windows-x86_64, r-patched-linux-x86_64, r-release-linux-x86_64, r-release-macos-arm64, r-release-macos-x86_64, r-release-windows-x86_64, r-oldrel-macos-arm64, r-oldrel-windows-x86_64