CRAN Package Check Results for Package fcirt

Last updated on 2022-11-28 03:57:17 CET.

Flavor Version Tinstall Tcheck Ttotal Status Flags
r-devel-linux-x86_64-debian-clang 0.1.0 127.02 116.85 243.87 NOTE
r-devel-linux-x86_64-debian-gcc 0.1.0 111.68 91.22 202.90 NOTE
r-devel-linux-x86_64-fedora-clang 0.1.0 312.05 NOTE
r-devel-linux-x86_64-fedora-gcc 0.1.0 372.42 NOTE
r-devel-windows-x86_64 0.1.0 103.00 163.00 266.00 NOTE
r-patched-linux-x86_64 0.1.0 112.80 116.83 229.63 NOTE
r-release-linux-x86_64 0.1.0 94.29 118.88 213.17 NOTE
r-release-macos-arm64 0.1.0 98.00 NOTE
r-release-macos-x86_64 0.1.0 187.00 NOTE
r-release-windows-x86_64 0.1.0 108.00 175.00 283.00 NOTE
r-oldrel-macos-arm64 0.1.0 78.00 NOTE
r-oldrel-macos-x86_64 0.1.0 108.00 NOTE
r-oldrel-windows-ix86+x86_64 0.1.0 296.00 219.00 515.00 NOTE

Check Details

Version: 0.1.0
Check: for GNU extensions in Makefiles
Result: NOTE
    GNU make is a SystemRequirements.
Flavors: r-devel-linux-x86_64-debian-clang, r-devel-linux-x86_64-debian-gcc, r-devel-linux-x86_64-fedora-clang, r-devel-linux-x86_64-fedora-gcc, r-devel-windows-x86_64, r-patched-linux-x86_64, r-release-linux-x86_64, r-release-macos-arm64, r-release-macos-x86_64, r-release-windows-x86_64, r-oldrel-macos-arm64, r-oldrel-macos-x86_64, r-oldrel-windows-ix86+x86_64

Version: 0.1.0
Check: dependencies in R code
Result: NOTE
    Namespaces in Imports field not imported from:
     ‘RcppParallel’ ‘rstantools’
     All declared Imports should be used.
Flavors: r-devel-linux-x86_64-fedora-clang, r-devel-linux-x86_64-fedora-gcc, r-release-macos-arm64, r-release-macos-x86_64, r-oldrel-macos-arm64, r-oldrel-macos-x86_64

Version: 0.1.0
Check: installed package size
Result: NOTE
     installed size is 33.4Mb
     sub-directories of 1Mb or more:
     libs 32.9Mb
Flavors: r-release-macos-arm64, r-release-macos-x86_64, r-oldrel-macos-arm64, r-oldrel-macos-x86_64