Last updated on 2023-02-06 21:54:45 CET.
Flavor | Version | Tinstall | Tcheck | Ttotal | Status | Flags |
---|---|---|---|---|---|---|
r-devel-linux-x86_64-debian-clang | 0.1.3 | 5.69 | 56.86 | 62.55 | NOTE | |
r-devel-linux-x86_64-debian-gcc | 0.1.3 | 4.46 | 42.64 | 47.10 | NOTE | |
r-devel-linux-x86_64-fedora-clang | 0.1.3 | 82.94 | NOTE | |||
r-devel-linux-x86_64-fedora-gcc | 0.1.3 | 86.48 | NOTE | |||
r-devel-windows-x86_64 | 0.1.3 | 9.00 | 86.00 | 95.00 | NOTE | |
r-patched-linux-x86_64 | 0.1.3 | 6.28 | 55.98 | 62.26 | NOTE | |
r-release-linux-x86_64 | 0.1.3 | 5.10 | 54.98 | 60.08 | NOTE | |
r-release-macos-arm64 | 0.1.3 | 29.00 | NOTE | |||
r-release-macos-x86_64 | 0.1.3 | 56.00 | NOTE | |||
r-release-windows-x86_64 | 0.1.3 | 13.00 | 101.00 | 114.00 | NOTE | |
r-oldrel-macos-arm64 | 0.1.3 | 32.00 | NOTE | |||
r-oldrel-macos-x86_64 | 0.1.3 | 48.00 | NOTE | |||
r-oldrel-windows-ix86+x86_64 | 0.1.3 | 15.00 | 85.00 | 100.00 | NOTE |
Version: 0.1.3
Check: LazyData
Result: NOTE
'LazyData' is specified without a 'data' directory
Flavors: r-devel-linux-x86_64-debian-clang, r-devel-linux-x86_64-debian-gcc, r-devel-linux-x86_64-fedora-clang, r-devel-linux-x86_64-fedora-gcc, r-devel-windows-x86_64, r-patched-linux-x86_64, r-release-linux-x86_64, r-release-macos-arm64, r-release-macos-x86_64, r-release-windows-x86_64, r-oldrel-macos-arm64, r-oldrel-macos-x86_64, r-oldrel-windows-ix86+x86_64