CRAN Package Check Results for Package fcros

Last updated on 2023-02-02 11:54:00 CET.

Flavor Version Tinstall Tcheck Ttotal Status Flags
r-devel-linux-x86_64-debian-clang 1.6.1 4.97 63.29 68.26 NOTE
r-devel-linux-x86_64-debian-gcc 1.6.1 4.18 46.93 51.11 NOTE
r-devel-linux-x86_64-fedora-clang 1.6.1 84.48 NOTE
r-devel-linux-x86_64-fedora-gcc 1.6.1 80.58 NOTE
r-devel-windows-x86_64 1.6.1 37.00 105.00 142.00 OK
r-patched-linux-x86_64 1.6.1 5.36 58.45 63.81 NOTE
r-release-linux-x86_64 1.6.1 4.23 59.00 63.23 NOTE
r-release-macos-arm64 1.6.1 28.00 OK
r-release-macos-x86_64 1.6.1 39.00 OK
r-release-windows-x86_64 1.6.1 15.00 94.00 109.00 OK
r-oldrel-macos-arm64 1.6.1 33.00 OK
r-oldrel-macos-x86_64 1.6.1 45.00 OK
r-oldrel-windows-ix86+x86_64 1.6.1 14.00 87.00 101.00 OK

Check Details

Version: 1.6.1
Check: for non-standard things in the check directory
Result: NOTE
    Found the following files/directories:
     ‘test2delete.txt’ ‘test2delete2_values.txt’ ‘test2delete_values.txt’
Flavors: r-devel-linux-x86_64-debian-clang, r-devel-linux-x86_64-debian-gcc, r-devel-linux-x86_64-fedora-clang, r-devel-linux-x86_64-fedora-gcc, r-patched-linux-x86_64, r-release-linux-x86_64