CRAN Package Check Results for Package fda

Last updated on 2020-04-08 10:47:14 CEST.

Flavor Version Tinstall Tcheck Ttotal Status Flags
r-devel-linux-x86_64-debian-clang 2.4.8.1 30.79 200.69 231.48 NOTE
r-devel-linux-x86_64-debian-gcc 2.4.8.1 24.58 153.03 177.61 NOTE
r-devel-linux-x86_64-fedora-clang 2.4.8.1 276.32 NOTE
r-devel-linux-x86_64-fedora-gcc 2.4.8.1 274.71 NOTE
r-devel-windows-ix86+x86_64 2.4.8.1 38.00 298.00 336.00 OK
r-devel-windows-ix86+x86_64-gcc8 2.4.8.1 41.00 208.00 249.00 OK
r-patched-linux-x86_64 2.4.8.1 27.07 198.08 225.15 NOTE
r-patched-solaris-x86 2.4.8.1 359.50 NOTE
r-release-linux-x86_64 2.4.8.1 28.81 179.85 208.66 OK
r-release-windows-ix86+x86_64 2.4.8.1 41.00 233.00 274.00 OK
r-release-osx-x86_64 2.4.8.1 OK
r-oldrel-windows-ix86+x86_64 2.4.8.1 45.00 242.00 287.00 OK
r-oldrel-osx-x86_64 2.4.8.1 OK

Check Details

Version: 2.4.8.1
Check: for non-standard things in the check directory
Result: NOTE
    Found the following files/directories:
     'fdaMatlabPath.m'
Flavors: r-devel-linux-x86_64-debian-clang, r-devel-linux-x86_64-debian-gcc, r-devel-linux-x86_64-fedora-clang, r-devel-linux-x86_64-fedora-gcc, r-patched-linux-x86_64, r-patched-solaris-x86