Last updated on 2022-05-28 20:49:14 CEST.
Flavor | Version | Tinstall | Tcheck | Ttotal | Status | Flags |
---|---|---|---|---|---|---|
r-devel-linux-x86_64-debian-clang | 6.0.3 | 32.21 | 261.67 | 293.88 | OK | |
r-devel-linux-x86_64-debian-gcc | 6.0.3 | 25.40 | 196.57 | 221.97 | OK | |
r-devel-linux-x86_64-fedora-clang | 6.0.3 | 351.22 | OK | |||
r-devel-linux-x86_64-fedora-gcc | 6.0.3 | 346.75 | OK | |||
r-devel-windows-x86_64 | 6.0.3 | 99.00 | 316.00 | 415.00 | OK | |
r-patched-linux-x86_64 | 6.0.3 | 28.84 | 243.94 | 272.78 | OK | |
r-release-linux-x86_64 | 6.0.3 | 23.91 | 247.26 | 271.17 | OK | |
r-release-macos-arm64 | 6.0.3 | 101.00 | NOTE | |||
r-release-macos-x86_64 | 6.0.3 | 142.00 | OK | |||
r-release-windows-x86_64 | 6.0.3 | 104.00 | 304.00 | 408.00 | OK | |
r-oldrel-macos-arm64 | 6.0.3 | 96.00 | OK | |||
r-oldrel-macos-x86_64 | 6.0.3 | 138.00 | OK | |||
r-oldrel-windows-ix86+x86_64 | 6.0.3 | 59.00 | 298.00 | 357.00 | OK |
Version: 6.0.3
Check: installed package size
Result: NOTE
installed size is 5.0Mb
sub-directories of 1Mb or more:
doc 2.1Mb
Flavor: r-release-macos-arm64