Last updated on 2022-08-10 11:52:56 CEST.
Flavor | Version | Tinstall | Tcheck | Ttotal | Status | Flags |
---|---|---|---|---|---|---|
r-devel-linux-x86_64-debian-clang | 2.0.2 | 43.08 | 266.33 | 309.41 | NOTE | |
r-devel-linux-x86_64-debian-gcc | 2.0.2 | 38.09 | 198.00 | 236.09 | NOTE | |
r-devel-linux-x86_64-fedora-clang | 2.0.2 | 381.39 | NOTE | |||
r-devel-linux-x86_64-fedora-gcc | 2.0.2 | 378.38 | NOTE | |||
r-devel-windows-x86_64 | 2.0.2 | 134.00 | 281.00 | 415.00 | NOTE | |
r-patched-linux-x86_64 | 2.0.2 | 59.01 | 251.53 | 310.54 | OK | |
r-release-linux-x86_64 | 2.0.2 | OK | ||||
r-release-macos-arm64 | 2.0.2 | 86.00 | NOTE | |||
r-release-macos-x86_64 | 2.0.2 | 144.00 | NOTE | |||
r-release-windows-x86_64 | 2.0.2 | 125.00 | 279.00 | 404.00 | OK | |
r-oldrel-macos-arm64 | 2.0.2 | 104.00 | NOTE | |||
r-oldrel-macos-x86_64 | 2.0.2 | 158.00 | NOTE | |||
r-oldrel-windows-ix86+x86_64 | 2.0.2 | 79.00 | 327.00 | 406.00 | OK |
Version: 2.0.2
Check: Rd files
Result: NOTE
checkRd: (-1) summary.fdata.comp.Rd:44: Escaped LaTeX specials: \&
Flavors: r-devel-linux-x86_64-debian-clang, r-devel-linux-x86_64-debian-gcc, r-devel-linux-x86_64-fedora-clang, r-devel-linux-x86_64-fedora-gcc, r-devel-windows-x86_64
Version: 2.0.2
Check: HTML version of manual
Result: NOTE
Found the following HTML validation problems:
GCCV.S.html:87:32: Warning: trimming empty <code>
Found the following math rendering problems:
fregre.plm.Rd:86-87: Undefined control sequence: \emph in y =\emph{r(X)}+\sum_{j=...
metric.kl.Rd:45-46: Undefined control sequence: \- in \left|f_i(t)\-g_i(t) \right|\...
Flavors: r-devel-linux-x86_64-debian-clang, r-devel-linux-x86_64-debian-gcc
Version: 2.0.2
Check: data for non-ASCII characters
Result: NOTE
Note: found 76 marked UTF-8 strings
Flavors: r-devel-linux-x86_64-fedora-clang, r-devel-linux-x86_64-fedora-gcc, r-release-macos-arm64, r-release-macos-x86_64, r-oldrel-macos-arm64, r-oldrel-macos-x86_64