CRAN Package Check Results for Package fdaMixed

Last updated on 2020-01-29 02:48:32 CET.

Flavor Version Tinstall Tcheck Ttotal Status Flags
r-devel-linux-x86_64-debian-clang 0.6 97.27 33.03 130.30 OK
r-devel-linux-x86_64-debian-gcc 0.6 70.73 25.67 96.40 OK
r-devel-linux-x86_64-fedora-clang 0.6 181.76 NOTE
r-devel-linux-x86_64-fedora-gcc 0.6 180.33 OK
r-devel-windows-ix86+x86_64 0.6 168.00 97.00 265.00 OK
r-devel-windows-ix86+x86_64-gcc8 0.6 245.00 94.00 339.00 OK
r-patched-linux-x86_64 0.6 OK
r-patched-solaris-x86 0.6 158.00 OK
r-release-linux-x86_64 0.6 75.13 29.52 104.65 OK
r-release-windows-ix86+x86_64 0.6 164.00 79.00 243.00 OK
r-release-osx-x86_64 0.6 NOTE
r-oldrel-windows-ix86+x86_64 0.6 204.00 89.00 293.00 OK
r-oldrel-osx-x86_64 0.6 NOTE

Check Details

Version: 0.6
Check: installed package size
Result: NOTE
     installed size is 8.4Mb
     sub-directories of 1Mb or more:
     libs 8.2Mb
Flavors: r-devel-linux-x86_64-fedora-clang, r-release-osx-x86_64, r-oldrel-osx-x86_64