CRAN Package Check Results for Package fdaPDE

Last updated on 2024-02-26 17:51:16 CET.

Flavor Version Tinstall Tcheck Ttotal Status Flags
r-devel-linux-x86_64-debian-clang 1.1-17 1323.62 213.94 1537.56 NOTE
r-devel-linux-x86_64-debian-gcc 1.1-17 1212.11 213.11 1425.22 NOTE
r-devel-linux-x86_64-fedora-clang 1.1-17 1841.46 NOTE
r-devel-linux-x86_64-fedora-gcc 1.1-17 2538.97 NOTE
r-devel-windows-x86_64 1.1-17 930.00 281.00 1211.00 NOTE
r-patched-linux-x86_64 1.1-17 1026.19 266.85 1293.04 NOTE
r-release-linux-x86_64 1.1-17 0.02 2.95 2.97 ERROR
r-release-macos-arm64 1.1-17 617.00 NOTE
r-release-macos-x86_64 1.1-17 647.00 NOTE
r-release-windows-x86_64 1.1-17 1160.00 342.00 1502.00 NOTE
r-oldrel-macos-arm64 1.1-17 611.00 NOTE
r-oldrel-windows-x86_64 1.1-17 1131.00 285.00 1416.00 NOTE

Check Details

Version: 1.1-17
Check: for GNU extensions in Makefiles
Result: NOTE GNU make is a SystemRequirements. Flavors: r-devel-linux-x86_64-debian-clang, r-devel-linux-x86_64-debian-gcc, r-devel-linux-x86_64-fedora-clang, r-devel-linux-x86_64-fedora-gcc, r-devel-windows-x86_64, r-patched-linux-x86_64, r-release-macos-arm64, r-release-macos-x86_64, r-release-windows-x86_64, r-oldrel-macos-arm64, r-oldrel-windows-x86_64

Version: 1.1-17
Check: installed package size
Result: NOTE installed size is 14.2Mb sub-directories of 1Mb or more: libs 13.0Mb Flavors: r-devel-linux-x86_64-fedora-clang, r-devel-windows-x86_64, r-release-macos-arm64, r-release-macos-x86_64, r-release-windows-x86_64, r-oldrel-macos-arm64, r-oldrel-windows-x86_64

Version: 1.1-17
Check: whether package can be installed
Result: ERROR Installation failed. Flavor: r-release-linux-x86_64