CRAN Package Check Results for Package fdaPOIFD

Last updated on 2021-03-05 00:48:37 CET.

Flavor Version Tinstall Tcheck Ttotal Status Flags
r-devel-linux-x86_64-debian-clang 1.0.0 6.05 65.18 71.23 OK
r-devel-linux-x86_64-debian-gcc 1.0.0 4.81 48.48 53.29 OK
r-devel-linux-x86_64-fedora-clang 1.0.0 92.91 NOTE
r-devel-linux-x86_64-fedora-gcc 1.0.0 81.27 NOTE
r-devel-windows-ix86+x86_64 1.0.0 16.00 84.00 100.00 OK
r-patched-linux-x86_64 1.0.0 OK
r-patched-solaris-x86 1.0.0 120.20 NOTE
r-release-linux-x86_64 1.0.0 4.08 60.48 64.56 OK
r-release-macos-x86_64 1.0.0 NOTE
r-release-windows-ix86+x86_64 1.0.0 11.00 62.00 73.00 OK
r-oldrel-macos-x86_64 1.0.0 NOTE
r-oldrel-windows-ix86+x86_64 1.0.0 12.00 80.00 92.00 OK

Check Details

Version: 1.0.0
Check: dependencies in R code
Result: NOTE
    Namespace in Imports field not imported from: ‘fdapace’
     All declared Imports should be used.
Flavors: r-devel-linux-x86_64-fedora-clang, r-devel-linux-x86_64-fedora-gcc, r-patched-solaris-x86, r-release-macos-x86_64, r-oldrel-macos-x86_64