CRAN Package Check Results for Package fdapaceShiny

Last updated on 2021-10-23 03:28:42 CEST.

Flavor Version Tinstall Tcheck Ttotal Status Flags
r-devel-linux-x86_64-debian-clang 1.0.1 16.30 139.24 155.54 OK
r-devel-linux-x86_64-debian-gcc 1.0.1 13.38 107.36 120.74 OK
r-devel-linux-x86_64-fedora-clang 1.0.1 199.09 NOTE
r-devel-linux-x86_64-fedora-gcc 1.0.1 184.14 NOTE
r-devel-windows-x86_64 1.0.1 27.00 171.00 198.00 OK
r-devel-windows-x86_64-gcc10-UCRT 1.0.1 NOTE
r-patched-linux-x86_64 1.0.1 14.93 132.30 147.23 OK
r-patched-solaris-x86 1.0.1 250.50 NOTE
r-release-linux-x86_64 1.0.1 14.15 133.90 148.05 OK
r-release-macos-arm64 1.0.1 NOTE
r-release-macos-x86_64 1.0.1 NOTE
r-release-windows-ix86+x86_64 1.0.1 31.00 158.00 189.00 OK
r-oldrel-macos-x86_64 1.0.1 NOTE
r-oldrel-windows-ix86+x86_64 1.0.1 43.00 162.00 205.00 OK

Check Details

Version: 1.0.1
Check: package dependencies
Result: NOTE
    Imports includes 23 non-default packages.
    Importing from so many packages makes the package vulnerable to any of
    them becoming unavailable. Move as many as possible to Suggests and
    use conditionally.
Flavor: r-devel-linux-x86_64-fedora-clang

Version: 1.0.1
Check: dependencies in R code
Result: NOTE
    Namespaces in Imports field not imported from:
     ‘attempt’ ‘data.table’ ‘glue’ ‘pkgload’ ‘processx’ ‘thinkr’
     All declared Imports should be used.
Flavors: r-devel-linux-x86_64-fedora-clang, r-devel-linux-x86_64-fedora-gcc, r-devel-windows-x86_64-gcc10-UCRT, r-patched-solaris-x86, r-release-macos-arm64, r-release-macos-x86_64, r-oldrel-macos-x86_64