Last updated on 2023-12-08 05:55:48 CET.
Flavor | Version | Tinstall | Tcheck | Ttotal | Status | Flags |
---|---|---|---|---|---|---|
r-devel-linux-x86_64-debian-clang | 2.1.1 | 13.46 | 137.88 | 151.34 | NOTE | |
r-devel-linux-x86_64-debian-gcc | 2.1.1 | 10.29 | 104.36 | 114.65 | NOTE | |
r-devel-linux-x86_64-fedora-clang | 2.1.1 | 187.27 | OK | |||
r-devel-linux-x86_64-fedora-gcc | 2.1.1 | 183.02 | OK | |||
r-devel-windows-x86_64 | 2.1.1 | 11.00 | 141.00 | 152.00 | OK | |
r-patched-linux-x86_64 | 2.1.1 | 9.98 | 134.51 | 144.49 | OK | |
r-release-linux-x86_64 | 2.1.1 | 8.76 | 136.15 | 144.91 | OK | |
r-release-macos-arm64 | 2.1.1 | 59.00 | OK | |||
r-release-macos-x86_64 | 2.1.1 | 100.00 | OK | |||
r-release-windows-x86_64 | 2.1.1 | 17.00 | 150.00 | 167.00 | OK | |
r-oldrel-macos-arm64 | 2.1.1 | 48.00 | OK | |||
r-oldrel-macos-x86_64 | 2.1.1 | 81.00 | OK | |||
r-oldrel-windows-x86_64 | 2.1.1 | 17.00 | 152.00 | 169.00 | OK |
Version: 2.1.1
Check: Rd files
Result: NOTE
checkRd: (-1) NASAtemp.Rd:14: Lost braces in \itemize; meant \describe ?
checkRd: (-1) NASAtemp.Rd:15: Lost braces in \itemize; meant \describe ?
Flavors: r-devel-linux-x86_64-debian-clang, r-devel-linux-x86_64-debian-gcc