CRAN Package Check Results for Package fdcov

Last updated on 2019-03-26 21:48:34 CET.

Flavor Version Tinstall Tcheck Ttotal Status Flags
r-devel-linux-x86_64-debian-clang 1.1.0 3.01 33.64 36.65 WARN
r-devel-linux-x86_64-debian-gcc 1.1.0 2.43 25.32 27.75 OK
r-devel-linux-x86_64-fedora-clang 1.1.0 43.87 OK
r-devel-linux-x86_64-fedora-gcc 1.1.0 40.38 OK
r-devel-windows-ix86+x86_64 1.1.0 8.00 613.00 621.00 OK
r-patched-linux-x86_64 1.1.0 2.36 31.23 33.59 OK
r-patched-solaris-x86 1.1.0 1481.80 OK
r-release-linux-x86_64 1.1.0 2.13 30.56 32.69 OK
r-release-windows-ix86+x86_64 1.1.0 5.00 597.00 602.00 OK
r-release-osx-x86_64 1.1.0 OK
r-oldrel-windows-ix86+x86_64 1.1.0 3.00 49.00 52.00 OK
r-oldrel-osx-x86_64 1.1.0 OK

Check Details

Version: 1.1.0
Check: whether package can be installed
Result: WARN
    Found the following significant warnings:
     Warning: unable to re-encode 'fdcov.R' line 43
     Warning: unable to re-encode 'ksamp_perm.R' line 30
     Warning: unable to re-encode 'ksamp_perm_plot.R' line 15
Flavor: r-devel-linux-x86_64-debian-clang