CRAN Package Check Results for Package fdcov

Last updated on 2019-06-17 10:48:11 CEST.

Flavor Version Tinstall Tcheck Ttotal Status Flags
r-devel-linux-x86_64-debian-clang 1.1.0 2.20 32.64 34.84 OK
r-devel-linux-x86_64-debian-gcc 1.1.0 2.37 25.78 28.15 OK
r-devel-linux-x86_64-fedora-clang 1.1.0 43.98 OK
r-devel-linux-x86_64-fedora-gcc 1.1.0 41.27 OK
r-devel-windows-ix86+x86_64 1.1.0 8.00 718.00 726.00 OK
r-patched-linux-x86_64 1.1.0 3.09 32.47 35.56 OK
r-patched-solaris-x86 1.1.0 1509.10 OK
r-release-linux-x86_64 1.1.0 2.89 31.72 34.61 OK
r-release-windows-ix86+x86_64 1.1.0 5.00 711.00 716.00 OK
r-release-osx-x86_64 1.1.0 FAIL
r-oldrel-windows-ix86+x86_64 1.1.0 3.00 707.00 710.00 OK
r-oldrel-osx-x86_64 1.1.0 OK

Check Details

Version: 1.1.0
Check: re-building of vignette outputs
Result: WARN
    Error(s) in re-building vignettes:
     ...
    --- re-building ‘vignette.Rmd’ using rmarkdown
    Warning in engine$weave(file, quiet = quiet, encoding = enc) :
     Pandoc (>= 1.12.3) and/or pandoc-citeproc not available. Falling back to R Markdown v1.
    Loading required package: rainbow
    Loading required package: MASS
    Loading required package: pcaPP
    Loading required package: RCurl
    Loading required package: bitops
    
    Execution halted
Flavor: r-release-osx-x86_64

Version: 1.1.0
Check: PDF version of manual
Result: FAIL
    
Flavor: r-release-osx-x86_64