Last updated on 2023-12-09 16:49:18 CET.
Flavor | Version | Tinstall | Tcheck | Ttotal | Status | Flags |
---|---|---|---|---|---|---|
r-devel-linux-x86_64-debian-clang | 0.12 | 10.06 | 72.79 | 82.85 | NOTE | |
r-devel-linux-x86_64-debian-gcc | 0.12 | 6.77 | 52.60 | 59.37 | NOTE | |
r-devel-linux-x86_64-fedora-clang | 0.12 | 104.04 | NOTE | |||
r-devel-linux-x86_64-fedora-gcc | 0.12 | 103.75 | NOTE | |||
r-devel-windows-x86_64 | 0.12 | 9.00 | 74.00 | 83.00 | NOTE | |
r-patched-linux-x86_64 | 0.12 | 8.35 | 67.49 | 75.84 | NOTE | |
r-release-linux-x86_64 | 0.12 | 6.13 | 67.17 | 73.30 | NOTE | |
r-release-macos-arm64 | 0.12 | 35.00 | NOTE | |||
r-release-macos-x86_64 | 0.12 | 59.00 | NOTE | |||
r-release-windows-x86_64 | 0.12 | 10.00 | 80.00 | 90.00 | NOTE | |
r-oldrel-macos-arm64 | 0.12 | 55.00 | NOTE | |||
r-oldrel-macos-x86_64 | 0.12 | 114.00 | NOTE | |||
r-oldrel-windows-x86_64 | 0.12 | 11.00 | 86.00 | 97.00 | NOTE |
Version: 0.12
Check: LazyData
Result: NOTE
'LazyData' is specified without a 'data' directory
Flavors: r-devel-linux-x86_64-debian-clang, r-devel-linux-x86_64-debian-gcc, r-devel-linux-x86_64-fedora-clang, r-devel-linux-x86_64-fedora-gcc, r-devel-windows-x86_64, r-patched-linux-x86_64, r-release-linux-x86_64, r-release-macos-arm64, r-release-macos-x86_64, r-release-windows-x86_64, r-oldrel-macos-arm64, r-oldrel-macos-x86_64, r-oldrel-windows-x86_64
Version: 0.12
Check: dependencies in R code
Result: NOTE
Namespaces in Imports field not imported from:
‘data.table’ ‘ggplot2’ ‘randomcoloR’ ‘sqldf’
All declared Imports should be used.
Flavors: r-devel-linux-x86_64-fedora-clang, r-devel-linux-x86_64-fedora-gcc, r-oldrel-macos-arm64, r-oldrel-macos-x86_64