CRAN Package Check Results for Package feasts

Last updated on 2020-10-25 20:47:52 CET.

Flavor Version Tinstall Tcheck Ttotal Status Flags
r-devel-linux-x86_64-debian-clang 0.1.5 10.25 131.59 141.84 OK
r-devel-linux-x86_64-debian-gcc 0.1.5 8.41 96.39 104.80 OK
r-devel-linux-x86_64-fedora-clang 0.1.5 175.30 NOTE
r-devel-linux-x86_64-fedora-gcc 0.1.5 173.73 NOTE
r-devel-windows-ix86+x86_64 0.1.5 22.00 166.00 188.00 OK
r-patched-linux-x86_64 0.1.5 9.52 122.00 131.52 OK
r-patched-solaris-x86 0.1.5 212.10 NOTE
r-release-linux-x86_64 0.1.5 10.32 123.68 134.00 OK
r-release-macos-x86_64 0.1.5 NOTE
r-release-windows-ix86+x86_64 0.1.5 15.00 127.00 142.00 OK
r-oldrel-macos-x86_64 0.1.5 NOTE
r-oldrel-windows-ix86+x86_64 0.1.5 21.00 160.00 181.00 OK

Check Details

Version: 0.1.5
Check: dependencies in R code
Result: NOTE
    Namespace in Imports field not imported from: ‘scales’
     All declared Imports should be used.
Flavors: r-devel-linux-x86_64-fedora-clang, r-devel-linux-x86_64-fedora-gcc, r-patched-solaris-x86, r-release-macos-x86_64, r-oldrel-macos-x86_64