CRAN Package Check Results for Package feasts

Last updated on 2022-10-04 09:52:21 CEST.

Flavor Version Tinstall Tcheck Ttotal Status Flags
r-devel-linux-x86_64-debian-clang 0.3.0 13.40 166.31 179.71 OK
r-devel-linux-x86_64-debian-gcc 0.3.0 10.16 113.33 123.49 NOTE
r-devel-linux-x86_64-fedora-clang 0.3.0 231.96 NOTE
r-devel-linux-x86_64-fedora-gcc 0.3.0 227.28 NOTE
r-devel-windows-x86_64 0.3.0 35.00 187.00 222.00 OK
r-patched-linux-x86_64 0.3.0 13.01 154.67 167.68 OK
r-release-linux-x86_64 0.3.0 11.00 154.54 165.54 OK
r-release-macos-arm64 0.3.0 58.00 NOTE
r-release-macos-x86_64 0.3.0 79.00 NOTE
r-release-windows-x86_64 0.3.0 43.00 191.00 234.00 OK
r-oldrel-macos-arm64 0.3.0 61.00 NOTE
r-oldrel-macos-x86_64 0.3.0 82.00 NOTE
r-oldrel-windows-ix86+x86_64 0.3.0 26.00 194.00 220.00 OK

Check Details

Version: 0.3.0
Check: package dependencies
Result: NOTE
    Package suggested but not available for checking: ‘seasonal’
Flavor: r-devel-linux-x86_64-debian-gcc

Version: 0.3.0
Check: dependencies in R code
Result: NOTE
    Namespace in Imports field not imported from: ‘scales’
     All declared Imports should be used.
Flavors: r-devel-linux-x86_64-fedora-clang, r-devel-linux-x86_64-fedora-gcc, r-release-macos-arm64, r-release-macos-x86_64, r-oldrel-macos-arm64, r-oldrel-macos-x86_64

Version: 0.3.0
Check: package dependencies
Result: NOTE
    Package suggested but not available for checking: ‘fable’
Flavor: r-release-macos-x86_64