Last updated on 2022-06-25 10:53:03 CEST.
Flavor | Version | Tinstall | Tcheck | Ttotal | Status | Flags |
---|---|---|---|---|---|---|
r-devel-linux-x86_64-debian-clang | 0.2.2 | 12.41 | 161.87 | 174.28 | OK | |
r-devel-linux-x86_64-debian-gcc | 0.2.2 | 9.51 | 116.63 | 126.14 | OK | |
r-devel-linux-x86_64-fedora-clang | 0.2.2 | 209.68 | NOTE | |||
r-devel-linux-x86_64-fedora-gcc | 0.2.2 | 209.67 | NOTE | |||
r-devel-windows-x86_64 | 0.2.2 | 49.00 | 195.00 | 244.00 | OK | |
r-patched-linux-x86_64 | 0.2.2 | 11.91 | 151.19 | 163.10 | OK | |
r-release-linux-x86_64 | 0.2.2 | 9.61 | 155.05 | 164.66 | OK | |
r-release-macos-arm64 | 0.2.2 | 53.00 | NOTE | |||
r-release-macos-x86_64 | 0.2.2 | 122.00 | NOTE | |||
r-release-windows-x86_64 | 0.2.2 | 56.00 | 190.00 | 246.00 | OK | |
r-oldrel-macos-arm64 | 0.2.2 | 71.00 | NOTE | |||
r-oldrel-macos-x86_64 | 0.2.2 | 70.00 | NOTE | |||
r-oldrel-windows-ix86+x86_64 | 0.2.2 | 26.00 | 186.00 | 212.00 | OK |
Version: 0.2.2
Check: dependencies in R code
Result: NOTE
Namespace in Imports field not imported from: ‘scales’
All declared Imports should be used.
Flavors: r-devel-linux-x86_64-fedora-clang, r-devel-linux-x86_64-fedora-gcc, r-release-macos-arm64, r-release-macos-x86_64, r-oldrel-macos-arm64, r-oldrel-macos-x86_64