CRAN Package Check Results for Package feasts

Last updated on 2022-01-22 06:48:52 CET.

Flavor Version Tinstall Tcheck Ttotal Status Flags
r-devel-linux-x86_64-debian-clang 0.2.2 9.96 154.83 164.79 OK
r-devel-linux-x86_64-debian-gcc 0.2.2 8.31 114.21 122.52 OK
r-devel-linux-x86_64-fedora-clang 0.2.2 194.17 NOTE
r-devel-linux-x86_64-fedora-gcc 0.2.2 183.70 NOTE
r-devel-windows-x86_64-new-UL 0.2.2 48.00 187.00 235.00 OK
r-devel-windows-x86_64-new-TK 0.2.2 NOTE
r-patched-linux-x86_64 0.2.2 9.86 147.19 157.05 OK
r-release-linux-x86_64 0.2.2 10.14 146.97 157.11 OK
r-release-macos-arm64 0.2.2 NOTE
r-release-macos-x86_64 0.2.2 NOTE
r-release-windows-ix86+x86_64 0.2.2 23.00 183.00 206.00 OK
r-oldrel-macos-x86_64 0.2.2 NOTE
r-oldrel-windows-ix86+x86_64 0.2.2 25.00 184.00 209.00 OK

Check Details

Version: 0.2.2
Check: dependencies in R code
Result: NOTE
    Namespace in Imports field not imported from: ‘scales’
     All declared Imports should be used.
Flavors: r-devel-linux-x86_64-fedora-clang, r-devel-linux-x86_64-fedora-gcc, r-devel-windows-x86_64-new-TK, r-release-macos-arm64, r-release-macos-x86_64, r-oldrel-macos-x86_64