CRAN Package Check Results for Package feasts

Last updated on 2021-01-17 23:47:31 CET.

Flavor Version Tinstall Tcheck Ttotal Status Flags
r-devel-linux-x86_64-debian-clang 0.1.6 10.91 138.86 149.77 OK
r-devel-linux-x86_64-debian-gcc 0.1.6 7.65 97.84 105.49 OK
r-devel-linux-x86_64-fedora-clang 0.1.6 180.67 NOTE
r-devel-linux-x86_64-fedora-gcc 0.1.6 161.98 NOTE
r-devel-windows-ix86+x86_64 0.1.6 15.00 140.00 155.00 OK
r-patched-linux-x86_64 0.1.6 8.58 130.06 138.64 OK
r-patched-solaris-x86 0.1.6 219.60 NOTE
r-release-linux-x86_64 0.1.6 9.88 130.79 140.67 OK
r-release-macos-x86_64 0.1.6 NOTE
r-release-windows-ix86+x86_64 0.1.6 18.00 132.00 150.00 OK
r-oldrel-macos-x86_64 0.1.6 NOTE
r-oldrel-windows-ix86+x86_64 0.1.6 18.00 121.00 139.00 OK

Check Details

Version: 0.1.6
Check: dependencies in R code
Result: NOTE
    Namespace in Imports field not imported from: ‘scales’
     All declared Imports should be used.
Flavors: r-devel-linux-x86_64-fedora-clang, r-devel-linux-x86_64-fedora-gcc, r-patched-solaris-x86, r-release-macos-x86_64, r-oldrel-macos-x86_64