CRAN Package Check Results for Package feasts

Last updated on 2019-10-16 11:49:50 CEST.

Flavor Version Tinstall Tcheck Ttotal Status Flags
r-devel-linux-x86_64-debian-clang 0.1.1 9.58 103.48 113.06 OK
r-devel-linux-x86_64-debian-gcc 0.1.1 7.31 78.27 85.58 OK
r-devel-linux-x86_64-fedora-clang 0.1.1 139.99 OK
r-devel-linux-x86_64-fedora-gcc 0.1.1 132.85 OK
r-devel-windows-ix86+x86_64 0.1.1 23.00 135.00 158.00 OK
r-patched-linux-x86_64 0.1.1 8.35 101.38 109.73 OK
r-patched-solaris-x86 0.1.1 170.40 OK
r-release-linux-x86_64 0.1.1 8.41 102.84 111.25 OK
r-release-windows-ix86+x86_64 0.1.1 17.00 189.00 206.00 OK
r-release-osx-x86_64 0.1.1 NOTE
r-oldrel-windows-ix86+x86_64 0.1.1 11.00 120.00 131.00 OK
r-oldrel-osx-x86_64 0.1.1 NOTE

Check Details

Version: 0.1.1
Check: package dependencies
Result: NOTE
    Package suggested but not available for checking: ‘fable’
Flavors: r-release-osx-x86_64, r-oldrel-osx-x86_64