CRAN Package Check Results for Package feather

Last updated on 2021-05-18 03:48:44 CEST.

Flavor Version Tinstall Tcheck Ttotal Status Flags
r-devel-linux-x86_64-debian-clang 0.3.5 52.95 36.93 89.88 NOTE
r-devel-linux-x86_64-debian-gcc 0.3.5 35.28 28.70 63.98 NOTE
r-devel-linux-x86_64-fedora-clang 0.3.5 136.72 NOTE
r-devel-linux-x86_64-fedora-gcc 0.3.5 114.30 NOTE
r-devel-windows-ix86+x86_64 0.3.5 127.00 63.00 190.00 NOTE
r-devel-windows-x86_64-gcc10-UCRT 0.3.5 NOTE
r-patched-linux-x86_64 0.3.5 44.86 35.87 80.73 NOTE
r-patched-solaris-x86 0.3.5 124.30 NOTE
r-release-linux-x86_64 0.3.5 42.94 34.87 77.81 OK
r-release-macos-x86_64 0.3.5 OK
r-release-windows-ix86+x86_64 0.3.5 107.00 64.00 171.00 OK
r-oldrel-macos-x86_64 0.3.5 OK
r-oldrel-windows-ix86+x86_64 0.3.5 90.00 74.00 164.00 OK

Check Details

Version: 0.3.5
Check: LazyData
Result: NOTE
     'LazyData' is specified without a 'data' directory
Flavors: r-devel-linux-x86_64-debian-clang, r-devel-linux-x86_64-debian-gcc, r-devel-linux-x86_64-fedora-clang, r-devel-linux-x86_64-fedora-gcc, r-devel-windows-ix86+x86_64, r-devel-windows-x86_64-gcc10-UCRT, r-patched-linux-x86_64, r-patched-solaris-x86