CRAN Package Check Results for Package featurefinder

Last updated on 2021-11-29 03:53:06 CET.

Flavor Version Tinstall Tcheck Ttotal Status Flags
r-devel-linux-x86_64-debian-clang 1.1 NOTE
r-devel-linux-x86_64-debian-gcc 1.1 2.31 26.79 29.10 NOTE
r-devel-linux-x86_64-fedora-clang 1.1 56.58 NOTE
r-devel-linux-x86_64-fedora-gcc 1.1 45.42 NOTE
r-devel-windows-x86_64-new-UL 1.1 11.00 77.00 88.00 OK
r-devel-windows-x86_64-new-TK 1.1 OK
r-devel-windows-x86_64-old 1.1 4.00 60.00 64.00 OK
r-patched-linux-x86_64 1.1 3.38 29.12 32.50 NOTE
r-patched-solaris-x86 1.1 62.40 NOTE
r-release-linux-x86_64 1.1 3.13 29.35 32.48 NOTE
r-release-macos-arm64 1.1 OK
r-release-macos-x86_64 1.1 OK
r-release-windows-ix86+x86_64 1.1 7.00 37.00 44.00 OK
r-oldrel-macos-x86_64 1.1 OK
r-oldrel-windows-ix86+x86_64 1.1 6.00 50.00 56.00 OK

Check Details

Version: 1.1
Check: for non-standard things in the check directory
Result: NOTE
    Found the following files/directories:
     'treesAll.txt'
Flavors: r-devel-linux-x86_64-debian-clang, r-devel-linux-x86_64-debian-gcc, r-devel-linux-x86_64-fedora-clang, r-devel-linux-x86_64-fedora-gcc, r-patched-linux-x86_64, r-patched-solaris-x86, r-release-linux-x86_64