CRAN Package Check Results for Package featurizer

Last updated on 2022-12-06 20:51:51 CET.

Flavor Version Tinstall Tcheck Ttotal Status Flags
r-devel-linux-x86_64-debian-clang 0.2 2.12 21.46 23.58 NOTE
r-devel-linux-x86_64-debian-gcc 0.2 1.74 17.20 18.94 NOTE
r-devel-linux-x86_64-fedora-clang 0.2 40.74 NOTE
r-devel-linux-x86_64-fedora-gcc 0.2 39.33 NOTE
r-devel-windows-x86_64 0.2 12.00 51.00 63.00 NOTE
r-patched-linux-x86_64 0.2 2.15 21.33 23.48 NOTE
r-release-linux-x86_64 0.2 2.05 21.52 23.57 NOTE
r-release-macos-arm64 0.2 13.00 NOTE
r-release-macos-x86_64 0.2 19.00 NOTE
r-release-windows-x86_64 0.2 5.00 49.00 54.00 NOTE
r-oldrel-macos-arm64 0.2 19.00 NOTE
r-oldrel-macos-x86_64 0.2 24.00 NOTE
r-oldrel-windows-ix86+x86_64 0.2 5.00 28.00 33.00 NOTE

Check Details

Version: 0.2
Check: LazyData
Result: NOTE
     'LazyData' is specified without a 'data' directory
Flavors: r-devel-linux-x86_64-debian-clang, r-devel-linux-x86_64-debian-gcc, r-devel-linux-x86_64-fedora-clang, r-devel-linux-x86_64-fedora-gcc, r-devel-windows-x86_64, r-patched-linux-x86_64, r-release-linux-x86_64, r-release-macos-arm64, r-release-macos-x86_64, r-release-windows-x86_64, r-oldrel-macos-arm64, r-oldrel-macos-x86_64, r-oldrel-windows-ix86+x86_64