CRAN Package Check Results for Package fec16

Last updated on 2024-02-24 14:49:21 CET.

Flavor Version Tinstall Tcheck Ttotal Status Flags
r-devel-linux-x86_64-debian-clang 0.1.4 6.70 59.69 66.39 OK
r-devel-linux-x86_64-debian-gcc 0.1.4 6.08 45.24 51.32 OK
r-devel-linux-x86_64-fedora-clang 0.1.4 85.00 NOTE
r-devel-linux-x86_64-fedora-gcc 0.1.4 92.52 NOTE
r-devel-windows-x86_64 0.1.4 9.00 67.00 76.00 OK
r-patched-linux-x86_64 0.1.4 5.40 58.06 63.46 OK
r-release-linux-x86_64 0.1.4 5.00 56.58 61.58 OK
r-release-macos-arm64 0.1.4 37.00 OK
r-release-macos-x86_64 0.1.4 66.00 OK
r-release-windows-x86_64 0.1.4 12.00 76.00 88.00 OK
r-oldrel-macos-arm64 0.1.4 33.00 OK
r-oldrel-windows-x86_64 0.1.4 12.00 80.00 92.00 OK

Check Details

Version: 0.1.4
Check: data for non-ASCII characters
Result: NOTE Note: found 20 marked UTF-8 strings Flavors: r-devel-linux-x86_64-fedora-clang, r-devel-linux-x86_64-fedora-gcc