CRAN Package Check Results for Package fedz1

Last updated on 2024-02-27 07:54:46 CET.

Flavor Version Tinstall Tcheck Ttotal Status Flags
r-devel-linux-x86_64-debian-clang 0.1.0 2.30 31.99 34.29 OK
r-devel-linux-x86_64-debian-gcc 0.1.0 1.65 25.20 26.85 OK
r-devel-linux-x86_64-fedora-clang 0.1.0 41.51 NOTE
r-devel-linux-x86_64-fedora-gcc 0.1.0 40.10 NOTE
r-devel-windows-x86_64 0.1.0 3.00 49.00 52.00 OK
r-patched-linux-x86_64 0.1.0 2.49 31.05 33.54 OK
r-release-linux-x86_64 0.1.0 1.99 32.10 34.09 OK
r-release-macos-arm64 0.1.0 21.00 OK
r-release-macos-x86_64 0.1.0 28.00 OK
r-release-windows-x86_64 0.1.0 3.00 50.00 53.00 OK
r-oldrel-macos-arm64 0.1.0 21.00 OK
r-oldrel-windows-x86_64 0.1.0 4.00 52.00 56.00 OK

Check Details

Version: 0.1.0
Check: data for non-ASCII characters
Result: NOTE Note: found 134 marked UTF-8 strings Flavors: r-devel-linux-x86_64-fedora-clang, r-devel-linux-x86_64-fedora-gcc