CRAN Package Check Results for Package felp

Last updated on 2020-06-01 04:46:56 CEST.

Flavor Version Tinstall Tcheck Ttotal Status Flags
r-devel-linux-x86_64-debian-clang 0.2.2 1.92 29.52 31.44 OK
r-devel-linux-x86_64-debian-gcc 0.2.2 1.39 23.13 24.52 OK
r-devel-linux-x86_64-fedora-clang 0.2.2 46.30 NOTE
r-devel-linux-x86_64-fedora-gcc 0.2.2 37.85 NOTE
r-devel-windows-ix86+x86_64 0.2.2 7.00 57.00 64.00 OK
r-patched-linux-x86_64 0.2.2 1.87 29.37 31.24 OK
r-patched-solaris-x86 0.2.2 58.30 NOTE
r-release-linux-x86_64 0.2.2 1.93 29.09 31.02 OK
r-release-osx-x86_64 0.2.2 NOTE
r-release-windows-ix86+x86_64 0.2.2 5.00 63.00 68.00 OK
r-oldrel-osx-x86_64 0.2.2 NOTE
r-oldrel-windows-ix86+x86_64 0.2.2 5.00 41.00 46.00 OK

Check Details

Version: 0.2.2
Check: dependencies in R code
Result: NOTE
    Namespace in Imports field not imported from: ‘prettycode’
     All declared Imports should be used.
Flavors: r-devel-linux-x86_64-fedora-clang, r-devel-linux-x86_64-fedora-gcc, r-patched-solaris-x86, r-release-osx-x86_64, r-oldrel-osx-x86_64